{"id":3690,"date":"2025-03-26T17:36:30","date_gmt":"2025-03-26T17:36:30","guid":{"rendered":"https:\/\/casadolivreiro.pt\/?post_type=product&#038;p=3690"},"modified":"2026-01-11T14:38:06","modified_gmt":"2026-01-11T14:38:06","slug":"sinta-se-feliz-de-novo-estrategias-para-deixar-a-infelicidade-e-mudar-de-vida-richard-carlson-ph-d","status":"publish","type":"product","link":"https:\/\/casadolivreiro.pt\/index.php\/product\/sinta-se-feliz-de-novo-estrategias-para-deixar-a-infelicidade-e-mudar-de-vida-richard-carlson-ph-d\/","title":{"rendered":"SINTA-SE FELIZ DE NOVO: Estrat\u00e9gias para Deixar a Infelicidade e Mudar de Vida \u2013 Richard Carlson, Ph.D."},"content":{"rendered":"<p>SINTA-SE FELIZ DE NOVO: Estrat\u00e9gias para Deixar a Infelicidade e Mudar de Vida \u2013 Richard Carlson, Ph.D.<\/p>\n<p>Tradu\u00e7\u00e3o de: Sandra Canadelo<\/p>\n<p>Ano de edi\u00e7\u00e3o: 2002<\/p>\n<p>Editor: Pergaminho, Cascais<\/p>\n<p>Idioma: Portugu\u00eas<\/p>\n<p>Dimens\u00f5es: 15 x 1.3 x 22.8cm<\/p>\n<p>Encaderna\u00e7\u00e3o: Capa mole<\/p>\n<p>P\u00e1ginas: 196<\/p>\n","protected":false},"excerpt":{"rendered":"<p>SINTA-SE FELIZ DE NOVO: Estrat\u00e9gias para Deixar a Infelicidade e Mudar de Vida \u2013 Richard Carlson, Ph.D. Tradu\u00e7\u00e3o de: Sandra Canadelo Ano de edi\u00e7\u00e3o: 2002 Editor: Pergaminho, Cascais Idioma: Portugu\u00eas Dimens\u00f5es: 15 x 1.3 x 22.8cm Encaderna\u00e7\u00e3o: Capa mole P\u00e1ginas: 196<\/p>\n","protected":false},"featured_media":3691,"comment_status":"open","ping_status":"closed","template":"","meta":{"om_disable_all_campaigns":false,"_monsterinsights_skip_tracking":false,"_monsterinsights_sitenote_active":false,"_monsterinsights_sitenote_note":"","_monsterinsights_sitenote_category":0,"_uf_show_specific_survey":0,"_uf_disable_surveys":false},"product_cat":[31,43],"product_tag":[],"aioseo_notices":[],"jetpack_sharing_enabled":true,"_links":{"self":[{"href":"https:\/\/casadolivreiro.pt\/index.php\/wp-json\/wp\/v2\/product\/3690"}],"collection":[{"href":"https:\/\/casadolivreiro.pt\/index.php\/wp-json\/wp\/v2\/product"}],"about":[{"href":"https:\/\/casadolivreiro.pt\/index.php\/wp-json\/wp\/v2\/types\/product"}],"replies":[{"embeddable":true,"href":"https:\/\/casadolivreiro.pt\/index.php\/wp-json\/wp\/v2\/comments?post=3690"}],"wp:featuredmedia":[{"embeddable":true,"href":"https:\/\/casadolivreiro.pt\/index.php\/wp-json\/wp\/v2\/media\/3691"}],"wp:attachment":[{"href":"https:\/\/casadolivreiro.pt\/index.php\/wp-json\/wp\/v2\/media?parent=3690"}],"wp:term":[{"taxonomy":"product_cat","embeddable":true,"href":"https:\/\/casadolivreiro.pt\/index.php\/wp-json\/wp\/v2\/product_cat?post=3690"},{"taxonomy":"product_tag","embeddable":true,"href":"https:\/\/casadolivreiro.pt\/index.php\/wp-json\/wp\/v2\/product_tag?post=3690"}],"curies":[{"name":"wp","href":"https:\/\/api.w.org\/{rel}","templated":true}]}}