{"id":3594,"date":"2025-03-25T18:23:50","date_gmt":"2025-03-25T18:23:50","guid":{"rendered":"https:\/\/casadolivreiro.pt\/?post_type=product&#038;p=3594"},"modified":"2025-03-25T18:23:50","modified_gmt":"2025-03-25T18:23:50","slug":"a-china-antiga-jacques-gernet","status":"publish","type":"product","link":"https:\/\/casadolivreiro.pt\/index.php\/product\/a-china-antiga-jacques-gernet\/","title":{"rendered":"A CHINA ANTIGA \u2013 Jacques Gernet"},"content":{"rendered":"<p>A CHINA ANTIGA \u2013 Jacques Gernet<\/p>\n<p>Biblioteca ARC\u00c1DIA\u00a0 de Bolso #123<\/p>\n<p>Tradu\u00e7\u00e3o de Jorge Feio<\/p>\n<p>Ano de edi\u00e7\u00e3o: 1970<\/p>\n<p>Editor: Arc\u00e1dia<\/p>\n<p>Idioma: Portugu\u00eas<\/p>\n<p>Dimens\u00f5es: 10.5 x 1.4 x\u00a0 18cm<\/p>\n<p>Encaderna\u00e7\u00e3o: Capa mole<\/p>\n<p>P\u00e1ginas: 176<\/p>\n","protected":false},"excerpt":{"rendered":"<p>A CHINA ANTIGA \u2013 Jacques Gernet Biblioteca ARC\u00c1DIA\u00a0 de Bolso #123 Tradu\u00e7\u00e3o de Jorge Feio Ano de edi\u00e7\u00e3o: 1970 Editor: Arc\u00e1dia Idioma: Portugu\u00eas Dimens\u00f5es: 10.5 x 1.4 x\u00a0 18cm Encaderna\u00e7\u00e3o: Capa mole P\u00e1ginas: 176<\/p>\n","protected":false},"featured_media":3595,"comment_status":"open","ping_status":"closed","template":"","meta":{"om_disable_all_campaigns":false,"_monsterinsights_skip_tracking":false,"_monsterinsights_sitenote_active":false,"_monsterinsights_sitenote_note":"","_monsterinsights_sitenote_category":0,"_uf_show_specific_survey":0,"_uf_disable_surveys":false},"product_cat":[31,30],"product_tag":[],"aioseo_notices":[],"jetpack_sharing_enabled":true,"_links":{"self":[{"href":"https:\/\/casadolivreiro.pt\/index.php\/wp-json\/wp\/v2\/product\/3594"}],"collection":[{"href":"https:\/\/casadolivreiro.pt\/index.php\/wp-json\/wp\/v2\/product"}],"about":[{"href":"https:\/\/casadolivreiro.pt\/index.php\/wp-json\/wp\/v2\/types\/product"}],"replies":[{"embeddable":true,"href":"https:\/\/casadolivreiro.pt\/index.php\/wp-json\/wp\/v2\/comments?post=3594"}],"wp:featuredmedia":[{"embeddable":true,"href":"https:\/\/casadolivreiro.pt\/index.php\/wp-json\/wp\/v2\/media\/3595"}],"wp:attachment":[{"href":"https:\/\/casadolivreiro.pt\/index.php\/wp-json\/wp\/v2\/media?parent=3594"}],"wp:term":[{"taxonomy":"product_cat","embeddable":true,"href":"https:\/\/casadolivreiro.pt\/index.php\/wp-json\/wp\/v2\/product_cat?post=3594"},{"taxonomy":"product_tag","embeddable":true,"href":"https:\/\/casadolivreiro.pt\/index.php\/wp-json\/wp\/v2\/product_tag?post=3594"}],"curies":[{"name":"wp","href":"https:\/\/api.w.org\/{rel}","templated":true}]}}