{"id":3572,"date":"2025-03-25T15:47:51","date_gmt":"2025-03-25T15:47:51","guid":{"rendered":"https:\/\/casadolivreiro.pt\/?post_type=product&#038;p=3572"},"modified":"2025-03-25T15:47:51","modified_gmt":"2025-03-25T15:47:51","slug":"capitalismo-socialismo-marxismo-quais-as-vias-o-cristao-podera-escolher-para-a-construcao-da-nova-sociedade","status":"publish","type":"product","link":"https:\/\/casadolivreiro.pt\/index.php\/product\/capitalismo-socialismo-marxismo-quais-as-vias-o-cristao-podera-escolher-para-a-construcao-da-nova-sociedade\/","title":{"rendered":"CAPITALISMO SOCIALISMO MARXISMO \u2013 Quais as vias o crist\u00e3o poder\u00e1 escolher para a constru\u00e7\u00e3o da nova sociedade?"},"content":{"rendered":"<p>CAPITALISMO SOCIALISMO MARXISMO \u2013 Quais as vias o crist\u00e3o poder\u00e1 escolher para a constru\u00e7\u00e3o da nova sociedade?<\/p>\n<p>Colec\u00e7\u00e3o: Documentos de reflex\u00e3o #3<\/p>\n<p>Ano de edi\u00e7\u00e3o:<\/p>\n<p>Editor: Centro de Documenta\u00e7\u00e3o Pastoral, Secretariado de Ac\u00e7\u00e3o Pastoral, Patriarcado de Lisboa<\/p>\n<p>Idioma: Portugu\u00eas<\/p>\n<p>Dimens\u00f5es: 15 x o.8 x\u00a0 21.3cm<\/p>\n<p>Encaderna\u00e7\u00e3o: Capa mole<\/p>\n<p>P\u00e1ginas: 139<\/p>\n","protected":false},"excerpt":{"rendered":"<p>CAPITALISMO SOCIALISMO MARXISMO \u2013 Quais as vias o crist\u00e3o poder\u00e1 escolher para a constru\u00e7\u00e3o da nova sociedade? Colec\u00e7\u00e3o: Documentos de reflex\u00e3o #3 Ano de edi\u00e7\u00e3o: Editor: Centro de Documenta\u00e7\u00e3o Pastoral, Secretariado de Ac\u00e7\u00e3o Pastoral, Patriarcado de Lisboa Idioma: Portugu\u00eas Dimens\u00f5es: 15 x o.8 x\u00a0 21.3cm Encaderna\u00e7\u00e3o: Capa mole P\u00e1ginas: 139<\/p>\n","protected":false},"featured_media":3573,"comment_status":"open","ping_status":"closed","template":"","meta":{"om_disable_all_campaigns":false,"_monsterinsights_skip_tracking":false,"_monsterinsights_sitenote_active":false,"_monsterinsights_sitenote_note":"","_monsterinsights_sitenote_category":0,"_uf_show_specific_survey":0,"_uf_disable_surveys":false},"product_cat":[33,29,51],"product_tag":[],"aioseo_notices":[],"jetpack_sharing_enabled":true,"_links":{"self":[{"href":"https:\/\/casadolivreiro.pt\/index.php\/wp-json\/wp\/v2\/product\/3572"}],"collection":[{"href":"https:\/\/casadolivreiro.pt\/index.php\/wp-json\/wp\/v2\/product"}],"about":[{"href":"https:\/\/casadolivreiro.pt\/index.php\/wp-json\/wp\/v2\/types\/product"}],"replies":[{"embeddable":true,"href":"https:\/\/casadolivreiro.pt\/index.php\/wp-json\/wp\/v2\/comments?post=3572"}],"wp:featuredmedia":[{"embeddable":true,"href":"https:\/\/casadolivreiro.pt\/index.php\/wp-json\/wp\/v2\/media\/3573"}],"wp:attachment":[{"href":"https:\/\/casadolivreiro.pt\/index.php\/wp-json\/wp\/v2\/media?parent=3572"}],"wp:term":[{"taxonomy":"product_cat","embeddable":true,"href":"https:\/\/casadolivreiro.pt\/index.php\/wp-json\/wp\/v2\/product_cat?post=3572"},{"taxonomy":"product_tag","embeddable":true,"href":"https:\/\/casadolivreiro.pt\/index.php\/wp-json\/wp\/v2\/product_tag?post=3572"}],"curies":[{"name":"wp","href":"https:\/\/api.w.org\/{rel}","templated":true}]}}