{"id":3537,"date":"2025-03-23T19:13:58","date_gmt":"2025-03-23T19:13:58","guid":{"rendered":"https:\/\/casadolivreiro.pt\/?post_type=product&#038;p=3537"},"modified":"2025-03-23T19:13:58","modified_gmt":"2025-03-23T19:13:58","slug":"que-cultura-em-portugal-nos-proximos-25-anos-antonio-quadros-eduardo-arantes-e-oliveira-fernando-guedes-francisco-da-gama-caeiro-joao-bigotte-chorao-joaquim-verissimo-serrao-jorge-bor","status":"publish","type":"product","link":"https:\/\/casadolivreiro.pt\/index.php\/product\/que-cultura-em-portugal-nos-proximos-25-anos-antonio-quadros-eduardo-arantes-e-oliveira-fernando-guedes-francisco-da-gama-caeiro-joao-bigotte-chorao-joaquim-verissimo-serrao-jorge-bor\/","title":{"rendered":"QUE CULTURA EM PORTUGAL NOS PR\u00d3XIMOS 25 ANOS? \u2013 Ant\u00f3nio Quadros, Eduardo Arantes e Oliveira, Fernando Guedes, Francisco da Gama Caeiro, Jo\u00e3o Bigotte Chor\u00e3o, Joaquim Ver\u00edssimo Serr\u00e3o, Jorge Borges de Macedo, D. Jos\u00e9 Policarpo, Lima de Freitas, Maria Isabel de Mendon\u00e7a Soares"},"content":{"rendered":"<p>QUE CULTURA EM PORTUGAL NOS PR\u00d3XIMOS 25 ANOS? \u2013 Ant\u00f3nio Quadros, Eduardo Arantes e Oliveira, Fernando Guedes, Francisco da Gama Caeiro, Jo\u00e3o Bigotte Chor\u00e3o, Joaquim Ver\u00edssimo Serr\u00e3o, Jorge Borges de Macedo, D. Jos\u00e9 Policarpo, Lima de Freitas, Maria Isabel de Mendon\u00e7a Soares<\/p>\n<p>Ano de edi\u00e7\u00e3o: 1984<\/p>\n<p>Editor: Verbo<\/p>\n<p>Idioma: Portugu\u00eas<\/p>\n<p>Dimens\u00f5es: 14 x 1.7 x\u00a0 20.5cm<\/p>\n<p>Encaderna\u00e7\u00e3o: Capa mole<\/p>\n<p>P\u00e1ginas: 211<\/p>\n","protected":false},"excerpt":{"rendered":"<p>QUE CULTURA EM PORTUGAL NOS PR\u00d3XIMOS 25 ANOS? \u2013 Ant\u00f3nio Quadros, Eduardo Arantes e Oliveira, Fernando Guedes, Francisco da Gama Caeiro, Jo\u00e3o Bigotte Chor\u00e3o, Joaquim Ver\u00edssimo Serr\u00e3o, Jorge Borges de Macedo, D. Jos\u00e9 Policarpo, Lima de Freitas, Maria Isabel de Mendon\u00e7a Soares Ano de edi\u00e7\u00e3o: 1984 Editor: Verbo Idioma: Portugu\u00eas Dimens\u00f5es: 14 x 1.7 x\u00a0 [&hellip;]<\/p>\n","protected":false},"featured_media":3538,"comment_status":"open","ping_status":"closed","template":"","meta":{"om_disable_all_campaigns":false,"_monsterinsights_skip_tracking":false,"_monsterinsights_sitenote_active":false,"_monsterinsights_sitenote_note":"","_monsterinsights_sitenote_category":0,"_uf_show_specific_survey":0,"_uf_disable_surveys":false},"product_cat":[31],"product_tag":[],"aioseo_notices":[],"jetpack_sharing_enabled":true,"_links":{"self":[{"href":"https:\/\/casadolivreiro.pt\/index.php\/wp-json\/wp\/v2\/product\/3537"}],"collection":[{"href":"https:\/\/casadolivreiro.pt\/index.php\/wp-json\/wp\/v2\/product"}],"about":[{"href":"https:\/\/casadolivreiro.pt\/index.php\/wp-json\/wp\/v2\/types\/product"}],"replies":[{"embeddable":true,"href":"https:\/\/casadolivreiro.pt\/index.php\/wp-json\/wp\/v2\/comments?post=3537"}],"wp:featuredmedia":[{"embeddable":true,"href":"https:\/\/casadolivreiro.pt\/index.php\/wp-json\/wp\/v2\/media\/3538"}],"wp:attachment":[{"href":"https:\/\/casadolivreiro.pt\/index.php\/wp-json\/wp\/v2\/media?parent=3537"}],"wp:term":[{"taxonomy":"product_cat","embeddable":true,"href":"https:\/\/casadolivreiro.pt\/index.php\/wp-json\/wp\/v2\/product_cat?post=3537"},{"taxonomy":"product_tag","embeddable":true,"href":"https:\/\/casadolivreiro.pt\/index.php\/wp-json\/wp\/v2\/product_tag?post=3537"}],"curies":[{"name":"wp","href":"https:\/\/api.w.org\/{rel}","templated":true}]}}