{"id":3511,"date":"2025-03-23T17:43:24","date_gmt":"2025-03-23T17:43:24","guid":{"rendered":"https:\/\/casadolivreiro.pt\/?post_type=product&#038;p=3511"},"modified":"2025-03-23T17:43:24","modified_gmt":"2025-03-23T17:43:24","slug":"vir-vir-e-amar-portugal-retratos-de-estrangeiros-residentes-no-pais","status":"publish","type":"product","link":"https:\/\/casadolivreiro.pt\/index.php\/product\/vir-vir-e-amar-portugal-retratos-de-estrangeiros-residentes-no-pais\/","title":{"rendered":"VIR, VIR, E AMAR PORTUGAL: Retratos de estrangeiros residentes no pais"},"content":{"rendered":"<p>VIR, VIR, E AMAR PORTUGAL: Retratos de estrangeiros residentes no pais<\/p>\n<p>Ano de edi\u00e7\u00e3o: 2015, 1.\u00aa edi\u00e7\u00e3o<\/p>\n<p>Editor: Book Link Editora<\/p>\n<p>Idioma: Portugu\u00eas<\/p>\n<p>Dimens\u00f5es: 13.4 x 0.3 x\u00a0 19.5cm<\/p>\n<p>Encaderna\u00e7\u00e3o: Capa mole<\/p>\n<p>P\u00e1ginas: 48<\/p>\n","protected":false},"excerpt":{"rendered":"<p>VIR, VIR, E AMAR PORTUGAL: Retratos de estrangeiros residentes no pais Ano de edi\u00e7\u00e3o: 2015, 1.\u00aa edi\u00e7\u00e3o Editor: Book Link Editora Idioma: Portugu\u00eas Dimens\u00f5es: 13.4 x 0.3 x\u00a0 19.5cm Encaderna\u00e7\u00e3o: Capa mole P\u00e1ginas: 48<\/p>\n","protected":false},"featured_media":3512,"comment_status":"open","ping_status":"closed","template":"","meta":{"om_disable_all_campaigns":false,"_monsterinsights_skip_tracking":false,"_monsterinsights_sitenote_active":false,"_monsterinsights_sitenote_note":"","_monsterinsights_sitenote_category":0,"_uf_show_specific_survey":0,"_uf_disable_surveys":false},"product_cat":[31,61,39],"product_tag":[],"aioseo_notices":[],"jetpack_sharing_enabled":true,"_links":{"self":[{"href":"https:\/\/casadolivreiro.pt\/index.php\/wp-json\/wp\/v2\/product\/3511"}],"collection":[{"href":"https:\/\/casadolivreiro.pt\/index.php\/wp-json\/wp\/v2\/product"}],"about":[{"href":"https:\/\/casadolivreiro.pt\/index.php\/wp-json\/wp\/v2\/types\/product"}],"replies":[{"embeddable":true,"href":"https:\/\/casadolivreiro.pt\/index.php\/wp-json\/wp\/v2\/comments?post=3511"}],"wp:featuredmedia":[{"embeddable":true,"href":"https:\/\/casadolivreiro.pt\/index.php\/wp-json\/wp\/v2\/media\/3512"}],"wp:attachment":[{"href":"https:\/\/casadolivreiro.pt\/index.php\/wp-json\/wp\/v2\/media?parent=3511"}],"wp:term":[{"taxonomy":"product_cat","embeddable":true,"href":"https:\/\/casadolivreiro.pt\/index.php\/wp-json\/wp\/v2\/product_cat?post=3511"},{"taxonomy":"product_tag","embeddable":true,"href":"https:\/\/casadolivreiro.pt\/index.php\/wp-json\/wp\/v2\/product_tag?post=3511"}],"curies":[{"name":"wp","href":"https:\/\/api.w.org\/{rel}","templated":true}]}}