{"id":3505,"date":"2025-03-23T16:59:04","date_gmt":"2025-03-23T16:59:04","guid":{"rendered":"https:\/\/casadolivreiro.pt\/?post_type=product&#038;p=3505"},"modified":"2025-03-23T17:00:00","modified_gmt":"2025-03-23T17:00:00","slug":"a-study-on-palestinian-governments-from-the-foundation-of-the-pa-until-the-second-parliamentary-elections-fahd-solaiman","status":"publish","type":"product","link":"https:\/\/casadolivreiro.pt\/index.php\/product\/a-study-on-palestinian-governments-from-the-foundation-of-the-pa-until-the-second-parliamentary-elections-fahd-solaiman\/","title":{"rendered":"A STUDY ON PALESTINIAN GOVERNMENTS (From the foundation of the PA until the second parliamentary elections) \u2013 Fahd Solaiman"},"content":{"rendered":"<p>A STUDY ON PALESTINIAN GOVERNMENTS (From the foundation of the PA until the second parliamentary elections) \u2013 Fahd Solaiman<\/p>\n<p>Ano de edi\u00e7\u00e3o: 2006, 1.\u00aa edi\u00e7\u00e3o<\/p>\n<p>Editor: Palestinian Center for Documentation<\/p>\n<p>Idioma: Ingl\u00eas<\/p>\n<p>Dimens\u00f5es: 11 x 0.4 x\u00a0 18cm<\/p>\n<p>Encaderna\u00e7\u00e3o: Capa mole<\/p>\n<p>P\u00e1ginas: 188<\/p>\n","protected":false},"excerpt":{"rendered":"<p>A STUDY ON PALESTINIAN GOVERNMENTS (From the foundation of the PA until the second parliamentary elections) \u2013 Fahd Solaiman Ano de edi\u00e7\u00e3o: 2006, 1.\u00aa edi\u00e7\u00e3o Editor: Palestinian Center for Documentation Idioma: Ingl\u00eas Dimens\u00f5es: 11 x 0.4 x\u00a0 18cm Encaderna\u00e7\u00e3o: Capa mole P\u00e1ginas: 188<\/p>\n","protected":false},"featured_media":3506,"comment_status":"open","ping_status":"closed","template":"","meta":{"om_disable_all_campaigns":false,"_monsterinsights_skip_tracking":false,"_monsterinsights_sitenote_active":false,"_monsterinsights_sitenote_note":"","_monsterinsights_sitenote_category":0,"_uf_show_specific_survey":0,"_uf_disable_surveys":false},"product_cat":[31,51],"product_tag":[],"aioseo_notices":[],"jetpack_sharing_enabled":true,"_links":{"self":[{"href":"https:\/\/casadolivreiro.pt\/index.php\/wp-json\/wp\/v2\/product\/3505"}],"collection":[{"href":"https:\/\/casadolivreiro.pt\/index.php\/wp-json\/wp\/v2\/product"}],"about":[{"href":"https:\/\/casadolivreiro.pt\/index.php\/wp-json\/wp\/v2\/types\/product"}],"replies":[{"embeddable":true,"href":"https:\/\/casadolivreiro.pt\/index.php\/wp-json\/wp\/v2\/comments?post=3505"}],"wp:featuredmedia":[{"embeddable":true,"href":"https:\/\/casadolivreiro.pt\/index.php\/wp-json\/wp\/v2\/media\/3506"}],"wp:attachment":[{"href":"https:\/\/casadolivreiro.pt\/index.php\/wp-json\/wp\/v2\/media?parent=3505"}],"wp:term":[{"taxonomy":"product_cat","embeddable":true,"href":"https:\/\/casadolivreiro.pt\/index.php\/wp-json\/wp\/v2\/product_cat?post=3505"},{"taxonomy":"product_tag","embeddable":true,"href":"https:\/\/casadolivreiro.pt\/index.php\/wp-json\/wp\/v2\/product_tag?post=3505"}],"curies":[{"name":"wp","href":"https:\/\/api.w.org\/{rel}","templated":true}]}}