{"id":347,"date":"2024-03-10T01:56:45","date_gmt":"2024-03-10T01:56:45","guid":{"rendered":"https:\/\/casadolivreiro.pt\/?post_type=product&#038;p=347"},"modified":"2025-03-17T11:33:14","modified_gmt":"2025-03-17T11:33:14","slug":"o-universo-num-atomo-a-convergencia-entre-ciencia-e-espiritualidade-sua-santidade-o-dalai-lama","status":"publish","type":"product","link":"https:\/\/casadolivreiro.pt\/index.php\/product\/o-universo-num-atomo-a-convergencia-entre-ciencia-e-espiritualidade-sua-santidade-o-dalai-lama\/","title":{"rendered":"O UNIVERSO NUM \u00c1TOMO: A Converg\u00eancia entre ci\u00eancia e espiritualidade &#8211; Sua Santidade o Dalai-Lama"},"content":{"rendered":"<p>O UNIVERSO NUM \u00c1TOMO: A Converg\u00eancia entre ci\u00eancia e espiritualidade<br \/>\nSua Santidade o Dalai-Lama<br \/>\nISBN: 978-972-8998-32-5<br \/>\nTradu\u00e7\u00e3o: Ana Falc\u00e3o Bastos e Luis Leit\u00e3o<br \/>\nEditor: Quidnovi<br \/>\nData de Lan\u00e7amento: 2006, 1\u00aa edi\u00e7\u00e3o<br \/>\nIdioma:\u00a0 Portugu\u00eas<br \/>\nDimens\u00f5es: 16.3 x 1.1 x 23.5 cm<br \/>\nEncaderna\u00e7\u00e3o: Capa mole<br \/>\nP\u00e1ginas: 188<\/p>\n<p>Ao fim de quarenta anos de aprendizagem com alguns dos maiores c\u00e9rebros cient\u00edficos \u2013 e de uma vida de estudo meditativo, espiritual e filos\u00f3fico -, o Dalai-Lama apresenta uma an\u00e1lise brilhante do motivo pelo qual \u00e9 necess\u00e1rio seguir todas as vias de investiga\u00e7\u00e3o \u2013 tanto cient\u00edficas como espirituais \u2013 para alcan\u00e7ar uma imagem completa da verdade.<\/p>\n","protected":false},"excerpt":{"rendered":"<p>O UNIVERSO NUM \u00c1TOMO: A Converg\u00eancia entre ci\u00eancia e espiritualidade Sua Santidade o Dalai-Lama ISBN: 978-972-8998-32-5 Tradu\u00e7\u00e3o: Ana Falc\u00e3o Bastos e Luis Leit\u00e3o Editor: Quidnovi Data de Lan\u00e7amento: 2006, 1\u00aa edi\u00e7\u00e3o Idioma:\u00a0 Portugu\u00eas Dimens\u00f5es: 16.3 x 1.1 x 23.5 cm Encaderna\u00e7\u00e3o: Capa mole P\u00e1ginas: 188 Ao fim de quarenta anos de aprendizagem com alguns dos [&hellip;]<\/p>\n","protected":false},"featured_media":348,"comment_status":"open","ping_status":"closed","template":"","meta":{"om_disable_all_campaigns":false,"_monsterinsights_skip_tracking":false,"_monsterinsights_sitenote_active":false,"_monsterinsights_sitenote_note":"","_monsterinsights_sitenote_category":0,"_uf_show_specific_survey":0,"_uf_disable_surveys":false},"product_cat":[31,33,29,36,62],"product_tag":[],"aioseo_notices":[],"jetpack_sharing_enabled":true,"_links":{"self":[{"href":"https:\/\/casadolivreiro.pt\/index.php\/wp-json\/wp\/v2\/product\/347"}],"collection":[{"href":"https:\/\/casadolivreiro.pt\/index.php\/wp-json\/wp\/v2\/product"}],"about":[{"href":"https:\/\/casadolivreiro.pt\/index.php\/wp-json\/wp\/v2\/types\/product"}],"replies":[{"embeddable":true,"href":"https:\/\/casadolivreiro.pt\/index.php\/wp-json\/wp\/v2\/comments?post=347"}],"wp:featuredmedia":[{"embeddable":true,"href":"https:\/\/casadolivreiro.pt\/index.php\/wp-json\/wp\/v2\/media\/348"}],"wp:attachment":[{"href":"https:\/\/casadolivreiro.pt\/index.php\/wp-json\/wp\/v2\/media?parent=347"}],"wp:term":[{"taxonomy":"product_cat","embeddable":true,"href":"https:\/\/casadolivreiro.pt\/index.php\/wp-json\/wp\/v2\/product_cat?post=347"},{"taxonomy":"product_tag","embeddable":true,"href":"https:\/\/casadolivreiro.pt\/index.php\/wp-json\/wp\/v2\/product_tag?post=347"}],"curies":[{"name":"wp","href":"https:\/\/api.w.org\/{rel}","templated":true}]}}