{"id":3438,"date":"2025-03-21T23:46:27","date_gmt":"2025-03-21T23:46:27","guid":{"rendered":"https:\/\/casadolivreiro.pt\/?post_type=product&#038;p=3438"},"modified":"2025-03-21T23:46:27","modified_gmt":"2025-03-21T23:46:27","slug":"anuario-expresso-edicao-2006","status":"publish","type":"product","link":"https:\/\/casadolivreiro.pt\/index.php\/product\/anuario-expresso-edicao-2006\/","title":{"rendered":"ANU\u00c1RIO EXPRESSO EDI\u00c7\u00c3O 2006"},"content":{"rendered":"<p>ANU\u00c1RIO EXPRESSO EDI\u00c7\u00c3O 2006<\/p>\n<p>Ano de edi\u00e7\u00e3o: 2006<\/p>\n<p>Editor: Expresso<\/p>\n<p>Idioma: Portugu\u00eas<\/p>\n<p>Dimens\u00f5es: 15.2\u00a0 x 1.1 x\u00a0 24cm<\/p>\n<p>Encaderna\u00e7\u00e3o: Capa mole<\/p>\n<p>P\u00e1ginas: 224<\/p>\n","protected":false},"excerpt":{"rendered":"<p>ANU\u00c1RIO EXPRESSO EDI\u00c7\u00c3O 2006 Ano de edi\u00e7\u00e3o: 2006 Editor: Expresso Idioma: Portugu\u00eas Dimens\u00f5es: 15.2\u00a0 x 1.1 x\u00a0 24cm Encaderna\u00e7\u00e3o: Capa mole P\u00e1ginas: 224<\/p>\n","protected":false},"featured_media":3439,"comment_status":"open","ping_status":"closed","template":"","meta":{"om_disable_all_campaigns":false,"_monsterinsights_skip_tracking":false,"_monsterinsights_sitenote_active":false,"_monsterinsights_sitenote_note":"","_monsterinsights_sitenote_category":0,"_uf_show_specific_survey":0,"_uf_disable_surveys":false},"product_cat":[30,65],"product_tag":[],"aioseo_notices":[],"jetpack_sharing_enabled":true,"_links":{"self":[{"href":"https:\/\/casadolivreiro.pt\/index.php\/wp-json\/wp\/v2\/product\/3438"}],"collection":[{"href":"https:\/\/casadolivreiro.pt\/index.php\/wp-json\/wp\/v2\/product"}],"about":[{"href":"https:\/\/casadolivreiro.pt\/index.php\/wp-json\/wp\/v2\/types\/product"}],"replies":[{"embeddable":true,"href":"https:\/\/casadolivreiro.pt\/index.php\/wp-json\/wp\/v2\/comments?post=3438"}],"wp:featuredmedia":[{"embeddable":true,"href":"https:\/\/casadolivreiro.pt\/index.php\/wp-json\/wp\/v2\/media\/3439"}],"wp:attachment":[{"href":"https:\/\/casadolivreiro.pt\/index.php\/wp-json\/wp\/v2\/media?parent=3438"}],"wp:term":[{"taxonomy":"product_cat","embeddable":true,"href":"https:\/\/casadolivreiro.pt\/index.php\/wp-json\/wp\/v2\/product_cat?post=3438"},{"taxonomy":"product_tag","embeddable":true,"href":"https:\/\/casadolivreiro.pt\/index.php\/wp-json\/wp\/v2\/product_tag?post=3438"}],"curies":[{"name":"wp","href":"https:\/\/api.w.org\/{rel}","templated":true}]}}