{"id":343,"date":"2024-03-10T01:49:24","date_gmt":"2024-03-10T01:49:24","guid":{"rendered":"https:\/\/casadolivreiro.pt\/?post_type=product&#038;p=343"},"modified":"2025-02-19T18:44:17","modified_gmt":"2025-02-19T18:44:17","slug":"o-grande-livro-da-homeopatiac-manual-pratico-werner-stumpf","status":"publish","type":"product","link":"https:\/\/casadolivreiro.pt\/index.php\/product\/o-grande-livro-da-homeopatiac-manual-pratico-werner-stumpf\/","title":{"rendered":"O GRANDE LIVRO DA HOMEOPATIA\u00c7 Manual pr\u00e1tico &#8211; Werner Stumpf"},"content":{"rendered":"<p>O GRANDE LIVRO DA HOMEOPATIA\u00c7 Manual pr\u00e1tico<br \/>\nWerner Stumpf<br \/>\nISBN: 972-750-411-6<br \/>\nEditor: Everest Editora<br \/>\nData de Lan\u00e7amento:<br \/>\nIdioma:\u00a0 Portugu\u00eas<br \/>\nDimens\u00f5es: 17.5 x 2.3 x 24 cm<br \/>\nEncaderna\u00e7\u00e3o: Capa dura<br \/>\nP\u00e1ginas: 274<\/p>\n<p>Uma introdu\u00e7\u00e3o ao autotratamento com mais de 500 quadros patol\u00f3gicos e prescri\u00e7\u00f5es de dosagens exactas<\/p>\n","protected":false},"excerpt":{"rendered":"<p>O GRANDE LIVRO DA HOMEOPATIA\u00c7 Manual pr\u00e1tico Werner Stumpf ISBN: 972-750-411-6 Editor: Everest Editora Data de Lan\u00e7amento: Idioma:\u00a0 Portugu\u00eas Dimens\u00f5es: 17.5 x 2.3 x 24 cm Encaderna\u00e7\u00e3o: Capa dura P\u00e1ginas: 274 Uma introdu\u00e7\u00e3o ao autotratamento com mais de 500 quadros patol\u00f3gicos e prescri\u00e7\u00f5es de dosagens exactas<\/p>\n","protected":false},"featured_media":344,"comment_status":"open","ping_status":"closed","template":"","meta":{"om_disable_all_campaigns":false,"_monsterinsights_skip_tracking":false,"_monsterinsights_sitenote_active":false,"_monsterinsights_sitenote_note":"","_monsterinsights_sitenote_category":0,"_uf_show_specific_survey":0,"_uf_disable_surveys":false},"product_cat":[32,43,62],"product_tag":[],"aioseo_notices":[],"jetpack_sharing_enabled":true,"_links":{"self":[{"href":"https:\/\/casadolivreiro.pt\/index.php\/wp-json\/wp\/v2\/product\/343"}],"collection":[{"href":"https:\/\/casadolivreiro.pt\/index.php\/wp-json\/wp\/v2\/product"}],"about":[{"href":"https:\/\/casadolivreiro.pt\/index.php\/wp-json\/wp\/v2\/types\/product"}],"replies":[{"embeddable":true,"href":"https:\/\/casadolivreiro.pt\/index.php\/wp-json\/wp\/v2\/comments?post=343"}],"wp:featuredmedia":[{"embeddable":true,"href":"https:\/\/casadolivreiro.pt\/index.php\/wp-json\/wp\/v2\/media\/344"}],"wp:attachment":[{"href":"https:\/\/casadolivreiro.pt\/index.php\/wp-json\/wp\/v2\/media?parent=343"}],"wp:term":[{"taxonomy":"product_cat","embeddable":true,"href":"https:\/\/casadolivreiro.pt\/index.php\/wp-json\/wp\/v2\/product_cat?post=343"},{"taxonomy":"product_tag","embeddable":true,"href":"https:\/\/casadolivreiro.pt\/index.php\/wp-json\/wp\/v2\/product_tag?post=343"}],"curies":[{"name":"wp","href":"https:\/\/api.w.org\/{rel}","templated":true}]}}