{"id":3424,"date":"2025-03-21T23:24:36","date_gmt":"2025-03-21T23:24:36","guid":{"rendered":"https:\/\/casadolivreiro.pt\/?post_type=product&#038;p=3424"},"modified":"2025-03-21T23:24:37","modified_gmt":"2025-03-21T23:24:37","slug":"winston-churchill-sebastian-haffner","status":"publish","type":"product","link":"https:\/\/casadolivreiro.pt\/index.php\/product\/winston-churchill-sebastian-haffner\/","title":{"rendered":"WINSTON CHURCHILL \u2013 Sebastian Haffner"},"content":{"rendered":"<p>WINSTON CHURCHILL \u2013 Sebastian Haffner<\/p>\n<p>Colec\u00e7\u00e3o A minha vida deu um livro<\/p>\n<p>Tradu\u00e7\u00e3o: Luis Jesus<\/p>\n<p>Ano de edi\u00e7\u00e3o: 2011<\/p>\n<p>Editor: Expresso<\/p>\n<p>Idioma: Portugu\u00eas<\/p>\n<p>Dimens\u00f5es: 11.7 x 1.5 x\u00a0 18cm<\/p>\n<p>Encaderna\u00e7\u00e3o: Capa mole<\/p>\n<p>P\u00e1ginas: 175<\/p>\n","protected":false},"excerpt":{"rendered":"<p>WINSTON CHURCHILL \u2013 Sebastian Haffner Colec\u00e7\u00e3o A minha vida deu um livro Tradu\u00e7\u00e3o: Luis Jesus Ano de edi\u00e7\u00e3o: 2011 Editor: Expresso Idioma: Portugu\u00eas Dimens\u00f5es: 11.7 x 1.5 x\u00a0 18cm Encaderna\u00e7\u00e3o: Capa mole P\u00e1ginas: 175<\/p>\n","protected":false},"featured_media":3425,"comment_status":"open","ping_status":"closed","template":"","meta":{"om_disable_all_campaigns":false,"_monsterinsights_skip_tracking":false,"_monsterinsights_sitenote_active":false,"_monsterinsights_sitenote_note":"","_monsterinsights_sitenote_category":0,"_uf_show_specific_survey":0,"_uf_disable_surveys":false},"product_cat":[28],"product_tag":[],"aioseo_notices":[],"jetpack_sharing_enabled":true,"_links":{"self":[{"href":"https:\/\/casadolivreiro.pt\/index.php\/wp-json\/wp\/v2\/product\/3424"}],"collection":[{"href":"https:\/\/casadolivreiro.pt\/index.php\/wp-json\/wp\/v2\/product"}],"about":[{"href":"https:\/\/casadolivreiro.pt\/index.php\/wp-json\/wp\/v2\/types\/product"}],"replies":[{"embeddable":true,"href":"https:\/\/casadolivreiro.pt\/index.php\/wp-json\/wp\/v2\/comments?post=3424"}],"wp:featuredmedia":[{"embeddable":true,"href":"https:\/\/casadolivreiro.pt\/index.php\/wp-json\/wp\/v2\/media\/3425"}],"wp:attachment":[{"href":"https:\/\/casadolivreiro.pt\/index.php\/wp-json\/wp\/v2\/media?parent=3424"}],"wp:term":[{"taxonomy":"product_cat","embeddable":true,"href":"https:\/\/casadolivreiro.pt\/index.php\/wp-json\/wp\/v2\/product_cat?post=3424"},{"taxonomy":"product_tag","embeddable":true,"href":"https:\/\/casadolivreiro.pt\/index.php\/wp-json\/wp\/v2\/product_tag?post=3424"}],"curies":[{"name":"wp","href":"https:\/\/api.w.org\/{rel}","templated":true}]}}