{"id":339,"date":"2024-03-10T01:37:42","date_gmt":"2024-03-10T01:37:42","guid":{"rendered":"https:\/\/casadolivreiro.pt\/?post_type=product&#038;p=339"},"modified":"2024-03-10T01:37:42","modified_gmt":"2024-03-10T01:37:42","slug":"na-pista-dos-assassinos-memorias-de-um-medico-legista-sir-sydney-smith","status":"publish","type":"product","link":"https:\/\/casadolivreiro.pt\/index.php\/product\/na-pista-dos-assassinos-memorias-de-um-medico-legista-sir-sydney-smith\/","title":{"rendered":"NA PISTA DOS ASSASSINOS: Mem\u00f3rias de um m\u00e9dico legista &#8211; Sir Sydney Smith"},"content":{"rendered":"<p>NA PISTA DOS ASSASSINOS: Mem\u00f3rias de um m\u00e9dico legista<br \/>\nSir Sydney Smith<br \/>\nTradu\u00e7\u00e3o de Mascarenhas Barreto<br \/>\nEditor: Editorial Aster, Lisboa<br \/>\nData de Lan\u00e7amento: 1962, 1.a edi\u00e7\u00e3o<br \/>\nIdioma:\u00a0 Portugu\u00eas<br \/>\nDimens\u00f5es: 15.7 x 1.5 x 22.7 cm<br \/>\nEncaderna\u00e7\u00e3o: Capa mole<br \/>\nP\u00e1ginas: 254<br \/>\nColee\u00e7\u00e3o aventura e ci\u00eancia<\/p>\n<p>Relato do patologista Sir Sydney Smith do fascinante mundo da ci\u00eancia forense atrav\u00e9s da observa\u00e7\u00e3o e aten\u00e7\u00e3o aos detalhes.<br \/>\nProfessor de Medicina Legal da Universidade de Edimburgo de 1928 a 1953, foi inovador na \u00e9poca e os m\u00e9todos utilizados formaram a base da patologia criminal.<\/p>\n","protected":false},"excerpt":{"rendered":"<p>NA PISTA DOS ASSASSINOS: Mem\u00f3rias de um m\u00e9dico legista Sir Sydney Smith Tradu\u00e7\u00e3o de Mascarenhas Barreto Editor: Editorial Aster, Lisboa Data de Lan\u00e7amento: 1962, 1.a edi\u00e7\u00e3o Idioma:\u00a0 Portugu\u00eas Dimens\u00f5es: 15.7 x 1.5 x 22.7 cm Encaderna\u00e7\u00e3o: Capa mole P\u00e1ginas: 254 Colee\u00e7\u00e3o aventura e ci\u00eancia Relato do patologista Sir Sydney Smith do fascinante mundo da ci\u00eancia [&hellip;]<\/p>\n","protected":false},"featured_media":340,"comment_status":"open","ping_status":"closed","template":"","meta":{"om_disable_all_campaigns":false,"_monsterinsights_skip_tracking":false,"_monsterinsights_sitenote_active":false,"_monsterinsights_sitenote_note":"","_monsterinsights_sitenote_category":0,"_uf_show_specific_survey":0,"_uf_disable_surveys":false},"product_cat":[31,36,44,62,61],"product_tag":[],"aioseo_notices":[],"jetpack_sharing_enabled":true,"_links":{"self":[{"href":"https:\/\/casadolivreiro.pt\/index.php\/wp-json\/wp\/v2\/product\/339"}],"collection":[{"href":"https:\/\/casadolivreiro.pt\/index.php\/wp-json\/wp\/v2\/product"}],"about":[{"href":"https:\/\/casadolivreiro.pt\/index.php\/wp-json\/wp\/v2\/types\/product"}],"replies":[{"embeddable":true,"href":"https:\/\/casadolivreiro.pt\/index.php\/wp-json\/wp\/v2\/comments?post=339"}],"wp:featuredmedia":[{"embeddable":true,"href":"https:\/\/casadolivreiro.pt\/index.php\/wp-json\/wp\/v2\/media\/340"}],"wp:attachment":[{"href":"https:\/\/casadolivreiro.pt\/index.php\/wp-json\/wp\/v2\/media?parent=339"}],"wp:term":[{"taxonomy":"product_cat","embeddable":true,"href":"https:\/\/casadolivreiro.pt\/index.php\/wp-json\/wp\/v2\/product_cat?post=339"},{"taxonomy":"product_tag","embeddable":true,"href":"https:\/\/casadolivreiro.pt\/index.php\/wp-json\/wp\/v2\/product_tag?post=339"}],"curies":[{"name":"wp","href":"https:\/\/api.w.org\/{rel}","templated":true}]}}