{"id":3357,"date":"2025-03-17T16:58:37","date_gmt":"2025-03-17T16:58:37","guid":{"rendered":"https:\/\/casadolivreiro.pt\/?post_type=product&#038;p=3357"},"modified":"2025-03-17T16:58:37","modified_gmt":"2025-03-17T16:58:37","slug":"compendio-de-geografia-8o-ano-de-escolaridade-2o-volume-j-leal-de-loureiro-amilcar-patricia","status":"publish","type":"product","link":"https:\/\/casadolivreiro.pt\/index.php\/product\/compendio-de-geografia-8o-ano-de-escolaridade-2o-volume-j-leal-de-loureiro-amilcar-patricia\/","title":{"rendered":"COMP\u00caNDIO DE GEOGRAFIA, 8\u00ba ano de escolaridade, 2\u00ba volume \u2013 J. Leal de Loureiro, Amilcar Patr\u00edcia"},"content":{"rendered":"<p>COMP\u00caNDIO DE GEOGRAFIA, 8\u00ba ano de escolaridade, 2\u00ba volume \u2013 J. Leal de Loureiro, Amilcar Patr\u00edcia<\/p>\n<p>Ano de edi\u00e7\u00e3o: 1977<\/p>\n<p>Editor: Porto Editora<\/p>\n<p>Idioma: Portugu\u00eas<\/p>\n<p>Dimens\u00f5es: 16.5 x 0.7 x 23cm<\/p>\n<p>Encaderna\u00e7\u00e3o: Capa mole<\/p>\n<p>P\u00e1ginas: 79<\/p>\n","protected":false},"excerpt":{"rendered":"<p>COMP\u00caNDIO DE GEOGRAFIA, 8\u00ba ano de escolaridade, 2\u00ba volume \u2013 J. Leal de Loureiro, Amilcar Patr\u00edcia Ano de edi\u00e7\u00e3o: 1977 Editor: Porto Editora Idioma: Portugu\u00eas Dimens\u00f5es: 16.5 x 0.7 x 23cm Encaderna\u00e7\u00e3o: Capa mole P\u00e1ginas: 79<\/p>\n","protected":false},"featured_media":3358,"comment_status":"open","ping_status":"closed","template":"","meta":{"om_disable_all_campaigns":false,"_monsterinsights_skip_tracking":false,"_monsterinsights_sitenote_active":false,"_monsterinsights_sitenote_note":"","_monsterinsights_sitenote_category":0,"_uf_show_specific_survey":0,"_uf_disable_surveys":false},"product_cat":[31,47],"product_tag":[],"aioseo_notices":[],"jetpack_sharing_enabled":true,"_links":{"self":[{"href":"https:\/\/casadolivreiro.pt\/index.php\/wp-json\/wp\/v2\/product\/3357"}],"collection":[{"href":"https:\/\/casadolivreiro.pt\/index.php\/wp-json\/wp\/v2\/product"}],"about":[{"href":"https:\/\/casadolivreiro.pt\/index.php\/wp-json\/wp\/v2\/types\/product"}],"replies":[{"embeddable":true,"href":"https:\/\/casadolivreiro.pt\/index.php\/wp-json\/wp\/v2\/comments?post=3357"}],"wp:featuredmedia":[{"embeddable":true,"href":"https:\/\/casadolivreiro.pt\/index.php\/wp-json\/wp\/v2\/media\/3358"}],"wp:attachment":[{"href":"https:\/\/casadolivreiro.pt\/index.php\/wp-json\/wp\/v2\/media?parent=3357"}],"wp:term":[{"taxonomy":"product_cat","embeddable":true,"href":"https:\/\/casadolivreiro.pt\/index.php\/wp-json\/wp\/v2\/product_cat?post=3357"},{"taxonomy":"product_tag","embeddable":true,"href":"https:\/\/casadolivreiro.pt\/index.php\/wp-json\/wp\/v2\/product_tag?post=3357"}],"curies":[{"name":"wp","href":"https:\/\/api.w.org\/{rel}","templated":true}]}}