{"id":3345,"date":"2025-03-17T16:22:22","date_gmt":"2025-03-17T16:22:22","guid":{"rendered":"https:\/\/casadolivreiro.pt\/?post_type=product&#038;p=3345"},"modified":"2025-03-17T16:22:22","modified_gmt":"2025-03-17T16:22:22","slug":"historia-cronologica-de-portugal-4-o-ano-de-escolaridade-ensino-basico-introducao-ao-2-o-ciclo-do-ensino-basico-c-figueiredo-lopes","status":"publish","type":"product","link":"https:\/\/casadolivreiro.pt\/index.php\/product\/historia-cronologica-de-portugal-4-o-ano-de-escolaridade-ensino-basico-introducao-ao-2-o-ciclo-do-ensino-basico-c-figueiredo-lopes\/","title":{"rendered":"HIST\u00d3RIA CRONOL\u00d3GICA DE PORTUGAL, 4.\u00ba ano de escolaridade, Ensino b\u00e1sico (Introdu\u00e7\u00e3o ao 2.\u00ba ciclo do ensino b\u00e1sico) \u2013 C. Figueiredo Lopes"},"content":{"rendered":"<p>HIST\u00d3RIA CRONOL\u00d3GICA DE PORTUGAL, 4.\u00ba ano de escolaridade, Ensino b\u00e1sico (Introdu\u00e7\u00e3o ao 2.\u00ba ciclo do ensino b\u00e1sico) \u2013 C. Figueiredo Lopes<\/p>\n<p>Ano de edi\u00e7\u00e3o: 1999<\/p>\n<p>Editor: Porto Editora<\/p>\n<p>Idioma: Portugu\u00eas<\/p>\n<p>Dimens\u00f5es: 16.7 x 1 x 23.6cm<\/p>\n<p>Encaderna\u00e7\u00e3o: Capa mole<\/p>\n<p>P\u00e1ginas: 160<\/p>\n","protected":false},"excerpt":{"rendered":"<p>HIST\u00d3RIA CRONOL\u00d3GICA DE PORTUGAL, 4.\u00ba ano de escolaridade, Ensino b\u00e1sico (Introdu\u00e7\u00e3o ao 2.\u00ba ciclo do ensino b\u00e1sico) \u2013 C. Figueiredo Lopes Ano de edi\u00e7\u00e3o: 1999 Editor: Porto Editora Idioma: Portugu\u00eas Dimens\u00f5es: 16.7 x 1 x 23.6cm Encaderna\u00e7\u00e3o: Capa mole P\u00e1ginas: 160<\/p>\n","protected":false},"featured_media":3346,"comment_status":"open","ping_status":"closed","template":"","meta":{"om_disable_all_campaigns":false,"_monsterinsights_skip_tracking":false,"_monsterinsights_sitenote_active":false,"_monsterinsights_sitenote_note":"","_monsterinsights_sitenote_category":0,"_uf_show_specific_survey":0,"_uf_disable_surveys":false},"product_cat":[47,30],"product_tag":[],"aioseo_notices":[],"jetpack_sharing_enabled":true,"_links":{"self":[{"href":"https:\/\/casadolivreiro.pt\/index.php\/wp-json\/wp\/v2\/product\/3345"}],"collection":[{"href":"https:\/\/casadolivreiro.pt\/index.php\/wp-json\/wp\/v2\/product"}],"about":[{"href":"https:\/\/casadolivreiro.pt\/index.php\/wp-json\/wp\/v2\/types\/product"}],"replies":[{"embeddable":true,"href":"https:\/\/casadolivreiro.pt\/index.php\/wp-json\/wp\/v2\/comments?post=3345"}],"wp:featuredmedia":[{"embeddable":true,"href":"https:\/\/casadolivreiro.pt\/index.php\/wp-json\/wp\/v2\/media\/3346"}],"wp:attachment":[{"href":"https:\/\/casadolivreiro.pt\/index.php\/wp-json\/wp\/v2\/media?parent=3345"}],"wp:term":[{"taxonomy":"product_cat","embeddable":true,"href":"https:\/\/casadolivreiro.pt\/index.php\/wp-json\/wp\/v2\/product_cat?post=3345"},{"taxonomy":"product_tag","embeddable":true,"href":"https:\/\/casadolivreiro.pt\/index.php\/wp-json\/wp\/v2\/product_tag?post=3345"}],"curies":[{"name":"wp","href":"https:\/\/api.w.org\/{rel}","templated":true}]}}