{"id":3211,"date":"2025-03-15T00:23:43","date_gmt":"2025-03-15T00:23:43","guid":{"rendered":"https:\/\/casadolivreiro.pt\/?post_type=product&#038;p=3211"},"modified":"2025-03-15T00:23:43","modified_gmt":"2025-03-15T00:23:43","slug":"histoire-et-petites-histoires-de-la-serrureria-fichet-bauche","status":"publish","type":"product","link":"https:\/\/casadolivreiro.pt\/index.php\/product\/histoire-et-petites-histoires-de-la-serrureria-fichet-bauche\/","title":{"rendered":"HISTOIRE ET PETITES HISTOIRES DE LA SERRURERIA \u2013 Fichet-Bauche"},"content":{"rendered":"<p>HISTOIRE ET PETITES HISTOIRES DE LA SERRURERIA \u2013 Fichet-Bauche<\/p>\n<p>Ano de edi\u00e7\u00e3o: 1976<\/p>\n<p>Editor: Fichet-Bauche<\/p>\n<p>Idioma: Franc\u00eas<\/p>\n<p>Dimens\u00f5es: 24 x 1.5 x 28cm<\/p>\n<p>Encaderna\u00e7\u00e3o: Capa dura<\/p>\n<p>P\u00e1ginas: 151<\/p>\n","protected":false},"excerpt":{"rendered":"<p>HISTOIRE ET PETITES HISTOIRES DE LA SERRURERIA \u2013 Fichet-Bauche Ano de edi\u00e7\u00e3o: 1976 Editor: Fichet-Bauche Idioma: Franc\u00eas Dimens\u00f5es: 24 x 1.5 x 28cm Encaderna\u00e7\u00e3o: Capa dura P\u00e1ginas: 151<\/p>\n","protected":false},"featured_media":3212,"comment_status":"open","ping_status":"closed","template":"","meta":{"om_disable_all_campaigns":false,"_monsterinsights_skip_tracking":false,"_monsterinsights_sitenote_active":false,"_monsterinsights_sitenote_note":"","_monsterinsights_sitenote_category":0,"_uf_show_specific_survey":0,"_uf_disable_surveys":false},"product_cat":[24,56,59],"product_tag":[],"aioseo_notices":[],"jetpack_sharing_enabled":true,"_links":{"self":[{"href":"https:\/\/casadolivreiro.pt\/index.php\/wp-json\/wp\/v2\/product\/3211"}],"collection":[{"href":"https:\/\/casadolivreiro.pt\/index.php\/wp-json\/wp\/v2\/product"}],"about":[{"href":"https:\/\/casadolivreiro.pt\/index.php\/wp-json\/wp\/v2\/types\/product"}],"replies":[{"embeddable":true,"href":"https:\/\/casadolivreiro.pt\/index.php\/wp-json\/wp\/v2\/comments?post=3211"}],"wp:featuredmedia":[{"embeddable":true,"href":"https:\/\/casadolivreiro.pt\/index.php\/wp-json\/wp\/v2\/media\/3212"}],"wp:attachment":[{"href":"https:\/\/casadolivreiro.pt\/index.php\/wp-json\/wp\/v2\/media?parent=3211"}],"wp:term":[{"taxonomy":"product_cat","embeddable":true,"href":"https:\/\/casadolivreiro.pt\/index.php\/wp-json\/wp\/v2\/product_cat?post=3211"},{"taxonomy":"product_tag","embeddable":true,"href":"https:\/\/casadolivreiro.pt\/index.php\/wp-json\/wp\/v2\/product_tag?post=3211"}],"curies":[{"name":"wp","href":"https:\/\/api.w.org\/{rel}","templated":true}]}}