{"id":3173,"date":"2025-03-14T20:03:14","date_gmt":"2025-03-14T20:03:14","guid":{"rendered":"https:\/\/casadolivreiro.pt\/?post_type=product&#038;p=3173"},"modified":"2025-03-14T20:03:14","modified_gmt":"2025-03-14T20:03:14","slug":"o-lenho-negro-as-cruzadas-celtas-ii-stephen-lawhead","status":"publish","type":"product","link":"https:\/\/casadolivreiro.pt\/index.php\/product\/o-lenho-negro-as-cruzadas-celtas-ii-stephen-lawhead\/","title":{"rendered":"O LENHO NEGRO: As Cruzadas Celtas, II \u2013 Stephen Lawhead"},"content":{"rendered":"<p>O LENHO NEGRO: As Cruzadas Celtas, II \u2013 Stephen Lawhead<\/p>\n<p>Colec\u00e7\u00e3o Grandes Romances<\/p>\n<p>Ano de edi\u00e7\u00e3o: 2000<\/p>\n<p>Editor: Bertrand<\/p>\n<p>Idioma: Portugu\u00eas<\/p>\n<p>Dimens\u00f5es: 15 x 3 x 23cm<\/p>\n<p>Encaderna\u00e7\u00e3o: Capa mole<\/p>\n<p>P\u00e1ginas: 462<\/p>\n","protected":false},"excerpt":{"rendered":"<p>O LENHO NEGRO: As Cruzadas Celtas, II \u2013 Stephen Lawhead Colec\u00e7\u00e3o Grandes Romances Ano de edi\u00e7\u00e3o: 2000 Editor: Bertrand Idioma: Portugu\u00eas Dimens\u00f5es: 15 x 3 x 23cm Encaderna\u00e7\u00e3o: Capa mole P\u00e1ginas: 462<\/p>\n","protected":false},"featured_media":3174,"comment_status":"open","ping_status":"closed","template":"","meta":{"om_disable_all_campaigns":false,"_monsterinsights_skip_tracking":false,"_monsterinsights_sitenote_active":false,"_monsterinsights_sitenote_note":"","_monsterinsights_sitenote_category":0,"_uf_show_specific_survey":0,"_uf_disable_surveys":false},"product_cat":[30,38],"product_tag":[],"aioseo_notices":[],"jetpack_sharing_enabled":true,"_links":{"self":[{"href":"https:\/\/casadolivreiro.pt\/index.php\/wp-json\/wp\/v2\/product\/3173"}],"collection":[{"href":"https:\/\/casadolivreiro.pt\/index.php\/wp-json\/wp\/v2\/product"}],"about":[{"href":"https:\/\/casadolivreiro.pt\/index.php\/wp-json\/wp\/v2\/types\/product"}],"replies":[{"embeddable":true,"href":"https:\/\/casadolivreiro.pt\/index.php\/wp-json\/wp\/v2\/comments?post=3173"}],"wp:featuredmedia":[{"embeddable":true,"href":"https:\/\/casadolivreiro.pt\/index.php\/wp-json\/wp\/v2\/media\/3174"}],"wp:attachment":[{"href":"https:\/\/casadolivreiro.pt\/index.php\/wp-json\/wp\/v2\/media?parent=3173"}],"wp:term":[{"taxonomy":"product_cat","embeddable":true,"href":"https:\/\/casadolivreiro.pt\/index.php\/wp-json\/wp\/v2\/product_cat?post=3173"},{"taxonomy":"product_tag","embeddable":true,"href":"https:\/\/casadolivreiro.pt\/index.php\/wp-json\/wp\/v2\/product_tag?post=3173"}],"curies":[{"name":"wp","href":"https:\/\/api.w.org\/{rel}","templated":true}]}}