{"id":310,"date":"2024-03-09T14:58:33","date_gmt":"2024-03-09T14:58:33","guid":{"rendered":"https:\/\/casadolivreiro.pt\/?post_type=product&#038;p=310"},"modified":"2025-02-28T19:57:57","modified_gmt":"2025-02-28T19:57:57","slug":"retrato-de-grupo-com-senhora-heinrich-boll","status":"publish","type":"product","link":"https:\/\/casadolivreiro.pt\/index.php\/product\/retrato-de-grupo-com-senhora-heinrich-boll\/","title":{"rendered":"RETRATO DE GRUPO, COM SENHORA Heinrich B\u00f6ll"},"content":{"rendered":"<p>RETRATO DE GRUPO, COM SENHORA<br \/>\nHeinrich B\u00f6ll<br \/>\nTradutor: Maria Ad\u00e9lia Silva Melo<br \/>\nEditor:\u00a0 Publica\u00e7\u00f5es Dom Quixote, Lisboa<br \/>\nData de Lan\u00e7amento: 1973<br \/>\nIdioma:\u00a0 Portugu\u00eas<br \/>\nDimens\u00f5es: 14.8 x 2 x 20.4 cm<br \/>\nEncaderna\u00e7\u00e3o: Capa mole<br \/>\nP\u00e1ginas:\u00a0\u00a0 389<\/p>\n<p>Quem \u00e9 Leni Pfeiffer? Mulher fascinante e sensual, vi\u00fava de guerra, cidad\u00e3 alvo de ostracismo devido \u00e0 sua vida amorosa passada e presente, m\u00e3e de um filho a cumprir pena de pris\u00e3o.<\/p>\n<p>Na sua detalhada investiga\u00e7\u00e3o sobre esta personagem, o autor-narrador de B\u00f6ll, tal como um detective privado, recorre a fotos, cartas, objectos pessoais, notas e testemunhos de todos os que de alguma forma se cruzaram com Leni: o irm\u00e3o, Heinrich, morto por deser\u00e7\u00e3o, a melhor amiga, Margret, prostituta, a freira Rahel, que lhe serviu de pedagoga, os homens que a tentaram proteger, os seus amantes; \u00e9 neste caleidosc\u00f3pio de informa\u00e7\u00e3o, pol\u00e9mica e contradit\u00f3ria, que se reconstr\u00f3i a biografia de uma figura enigm\u00e1tica, uma anti-hero\u00edna que atravessa os acontecimentos mais marcantes da conturbada Hist\u00f3ria da Alemanha contempor\u00e2nea: do nazismo \u00e0 mis\u00e9ria f\u00edsica e moral dos anos da guerra e do imediato p\u00f3s-guerra, tra\u00e7ando com rigor o retrato de uma inteira gera\u00e7\u00e3o.<\/p>\n<p>Romance inventivo, \u00abarticulado com not\u00e1vel coer\u00eancia estil\u00edstica e arquitect\u00f3nica\u00bb (Claudio Magris), ao mesmo tempo tr\u00e1gico, grotesco e l\u00edrico, Retrato de Grupo com Senhora foi considerado a obra decisiva para a atribui\u00e7\u00e3o do Pr\u00e9mio Nobel de Literatura a Heinrich B\u00f6ll, em 1972.<\/p>\n","protected":false},"excerpt":{"rendered":"<p>RETRATO DE GRUPO, COM SENHORA Heinrich B\u00f6ll Tradutor: Maria Ad\u00e9lia Silva Melo Editor:\u00a0 Publica\u00e7\u00f5es Dom Quixote, Lisboa Data de Lan\u00e7amento: 1973 Idioma:\u00a0 Portugu\u00eas Dimens\u00f5es: 14.8 x 2 x 20.4 cm Encaderna\u00e7\u00e3o: Capa mole P\u00e1ginas:\u00a0\u00a0 389 Quem \u00e9 Leni Pfeiffer? Mulher fascinante e sensual, vi\u00fava de guerra, cidad\u00e3 alvo de ostracismo devido \u00e0 sua vida amorosa [&hellip;]<\/p>\n","protected":false},"featured_media":312,"comment_status":"open","ping_status":"closed","template":"","meta":{"om_disable_all_campaigns":false,"_monsterinsights_skip_tracking":false,"_monsterinsights_sitenote_active":false,"_monsterinsights_sitenote_note":"","_monsterinsights_sitenote_category":0,"_uf_show_specific_survey":0,"_uf_disable_surveys":false},"product_cat":[26,62,37],"product_tag":[],"aioseo_notices":[],"jetpack_sharing_enabled":true,"_links":{"self":[{"href":"https:\/\/casadolivreiro.pt\/index.php\/wp-json\/wp\/v2\/product\/310"}],"collection":[{"href":"https:\/\/casadolivreiro.pt\/index.php\/wp-json\/wp\/v2\/product"}],"about":[{"href":"https:\/\/casadolivreiro.pt\/index.php\/wp-json\/wp\/v2\/types\/product"}],"replies":[{"embeddable":true,"href":"https:\/\/casadolivreiro.pt\/index.php\/wp-json\/wp\/v2\/comments?post=310"}],"wp:featuredmedia":[{"embeddable":true,"href":"https:\/\/casadolivreiro.pt\/index.php\/wp-json\/wp\/v2\/media\/312"}],"wp:attachment":[{"href":"https:\/\/casadolivreiro.pt\/index.php\/wp-json\/wp\/v2\/media?parent=310"}],"wp:term":[{"taxonomy":"product_cat","embeddable":true,"href":"https:\/\/casadolivreiro.pt\/index.php\/wp-json\/wp\/v2\/product_cat?post=310"},{"taxonomy":"product_tag","embeddable":true,"href":"https:\/\/casadolivreiro.pt\/index.php\/wp-json\/wp\/v2\/product_tag?post=310"}],"curies":[{"name":"wp","href":"https:\/\/api.w.org\/{rel}","templated":true}]}}