{"id":3071,"date":"2025-03-13T17:28:47","date_gmt":"2025-03-13T17:28:47","guid":{"rendered":"https:\/\/casadolivreiro.pt\/?post_type=product&#038;p=3071"},"modified":"2025-03-13T17:28:48","modified_gmt":"2025-03-13T17:28:48","slug":"a-guerra-secreta-espioes-codigos-e-guerrilhas-1939-1945-volumes-1-4-max-hastings","status":"publish","type":"product","link":"https:\/\/casadolivreiro.pt\/index.php\/product\/a-guerra-secreta-espioes-codigos-e-guerrilhas-1939-1945-volumes-1-4-max-hastings\/","title":{"rendered":"A GUERRA SECRETA: ESPI\u00d5ES, C\u00d3DIGOS E GUERRILHAS 1939-1945, Volumes 1-4 \u2013 Max Hastings"},"content":{"rendered":"<p>A GUERRA SECRETA: ESPI\u00d5ES, C\u00d3DIGOS E GUERRILHAS 1939-1945, Volumes 1-4 \u2013 Max Hastings<\/p>\n<p>Tradu\u00e7\u00e3o de Jos\u00e9 Pires<\/p>\n<p>Ano de edi\u00e7\u00e3o: 2019<\/p>\n<p>Editor: S\u00e1bado<\/p>\n<p>Idioma: Portugu\u00eas<\/p>\n<p>Dimens\u00f5es: 13 x 1.8 x 19.5cm<\/p>\n<p>Encaderna\u00e7\u00e3o: Capa mole<\/p>\n<p>P\u00e1ginas: 222 +220 +222 +223<\/p>\n","protected":false},"excerpt":{"rendered":"<p>A GUERRA SECRETA: ESPI\u00d5ES, C\u00d3DIGOS E GUERRILHAS 1939-1945, Volumes 1-4 \u2013 Max Hastings Tradu\u00e7\u00e3o de Jos\u00e9 Pires Ano de edi\u00e7\u00e3o: 2019 Editor: S\u00e1bado Idioma: Portugu\u00eas Dimens\u00f5es: 13 x 1.8 x 19.5cm Encaderna\u00e7\u00e3o: Capa mole P\u00e1ginas: 222 +220 +222 +223<\/p>\n","protected":false},"featured_media":3072,"comment_status":"open","ping_status":"closed","template":"","meta":{"om_disable_all_campaigns":false,"_monsterinsights_skip_tracking":false,"_monsterinsights_sitenote_active":false,"_monsterinsights_sitenote_note":"","_monsterinsights_sitenote_category":0,"_uf_show_specific_survey":0,"_uf_disable_surveys":false},"product_cat":[47,30,44],"product_tag":[],"aioseo_notices":[],"jetpack_sharing_enabled":true,"_links":{"self":[{"href":"https:\/\/casadolivreiro.pt\/index.php\/wp-json\/wp\/v2\/product\/3071"}],"collection":[{"href":"https:\/\/casadolivreiro.pt\/index.php\/wp-json\/wp\/v2\/product"}],"about":[{"href":"https:\/\/casadolivreiro.pt\/index.php\/wp-json\/wp\/v2\/types\/product"}],"replies":[{"embeddable":true,"href":"https:\/\/casadolivreiro.pt\/index.php\/wp-json\/wp\/v2\/comments?post=3071"}],"wp:featuredmedia":[{"embeddable":true,"href":"https:\/\/casadolivreiro.pt\/index.php\/wp-json\/wp\/v2\/media\/3072"}],"wp:attachment":[{"href":"https:\/\/casadolivreiro.pt\/index.php\/wp-json\/wp\/v2\/media?parent=3071"}],"wp:term":[{"taxonomy":"product_cat","embeddable":true,"href":"https:\/\/casadolivreiro.pt\/index.php\/wp-json\/wp\/v2\/product_cat?post=3071"},{"taxonomy":"product_tag","embeddable":true,"href":"https:\/\/casadolivreiro.pt\/index.php\/wp-json\/wp\/v2\/product_tag?post=3071"}],"curies":[{"name":"wp","href":"https:\/\/api.w.org\/{rel}","templated":true}]}}