{"id":3019,"date":"2025-03-07T16:42:27","date_gmt":"2025-03-07T16:42:27","guid":{"rendered":"https:\/\/casadolivreiro.pt\/?post_type=product&#038;p=3019"},"modified":"2025-03-07T16:42:27","modified_gmt":"2025-03-07T16:42:27","slug":"proclamacao-programa-dos-comunistas-bolcheviques-revolucionarios-sovieticos","status":"publish","type":"product","link":"https:\/\/casadolivreiro.pt\/index.php\/product\/proclamacao-programa-dos-comunistas-bolcheviques-revolucionarios-sovieticos\/","title":{"rendered":"PROCLAMA\u00c7\u00c3O PROGRAMA DOS COMUNISTAS (BOLCHEVIQUES) REVOLUCION\u00c1RIOS SOVI\u00c9TICOS"},"content":{"rendered":"<p>PROCLAMA\u00c7\u00c3O PROGRAMA DOS COMUNISTAS (BOLCHEVIQUES) REVOLUCION\u00c1RIOS SOVI\u00c9TICOS<\/p>\n<p>Colec\u00e7\u00e3o Documentos<\/p>\n<p>Tradu\u00e7\u00e3o de Andr\u00e9 Martins<\/p>\n<p>Ano de edi\u00e7\u00e3o: 1974<\/p>\n<p>Editor: Edi\u00e7\u00f5es Maria da Fonte<\/p>\n<p>Idioma: Portugu\u00eas<\/p>\n<p>Dimens\u00f5es: 11.5 x 0.4 x 21cm<\/p>\n<p>Encaderna\u00e7\u00e3o: Capa mole<\/p>\n<p>P\u00e1ginas: 65<\/p>\n","protected":false},"excerpt":{"rendered":"<p>PROCLAMA\u00c7\u00c3O PROGRAMA DOS COMUNISTAS (BOLCHEVIQUES) REVOLUCION\u00c1RIOS SOVI\u00c9TICOS Colec\u00e7\u00e3o Documentos Tradu\u00e7\u00e3o de Andr\u00e9 Martins Ano de edi\u00e7\u00e3o: 1974 Editor: Edi\u00e7\u00f5es Maria da Fonte Idioma: Portugu\u00eas Dimens\u00f5es: 11.5 x 0.4 x 21cm Encaderna\u00e7\u00e3o: Capa mole P\u00e1ginas: 65<\/p>\n","protected":false},"featured_media":3020,"comment_status":"open","ping_status":"closed","template":"","meta":{"om_disable_all_campaigns":false,"_monsterinsights_skip_tracking":false,"_monsterinsights_sitenote_active":false,"_monsterinsights_sitenote_note":"","_monsterinsights_sitenote_category":0,"_uf_show_specific_survey":0,"_uf_disable_surveys":false},"product_cat":[30,51],"product_tag":[],"aioseo_notices":[],"jetpack_sharing_enabled":true,"_links":{"self":[{"href":"https:\/\/casadolivreiro.pt\/index.php\/wp-json\/wp\/v2\/product\/3019"}],"collection":[{"href":"https:\/\/casadolivreiro.pt\/index.php\/wp-json\/wp\/v2\/product"}],"about":[{"href":"https:\/\/casadolivreiro.pt\/index.php\/wp-json\/wp\/v2\/types\/product"}],"replies":[{"embeddable":true,"href":"https:\/\/casadolivreiro.pt\/index.php\/wp-json\/wp\/v2\/comments?post=3019"}],"wp:featuredmedia":[{"embeddable":true,"href":"https:\/\/casadolivreiro.pt\/index.php\/wp-json\/wp\/v2\/media\/3020"}],"wp:attachment":[{"href":"https:\/\/casadolivreiro.pt\/index.php\/wp-json\/wp\/v2\/media?parent=3019"}],"wp:term":[{"taxonomy":"product_cat","embeddable":true,"href":"https:\/\/casadolivreiro.pt\/index.php\/wp-json\/wp\/v2\/product_cat?post=3019"},{"taxonomy":"product_tag","embeddable":true,"href":"https:\/\/casadolivreiro.pt\/index.php\/wp-json\/wp\/v2\/product_tag?post=3019"}],"curies":[{"name":"wp","href":"https:\/\/api.w.org\/{rel}","templated":true}]}}