{"id":2930,"date":"2025-03-03T13:23:15","date_gmt":"2025-03-03T13:23:15","guid":{"rendered":"https:\/\/casadolivreiro.pt\/?post_type=product&#038;p=2930"},"modified":"2025-03-03T13:23:15","modified_gmt":"2025-03-03T13:23:15","slug":"o-falsario-indeciso-patricia-highsmith","status":"publish","type":"product","link":"https:\/\/casadolivreiro.pt\/index.php\/product\/o-falsario-indeciso-patricia-highsmith\/","title":{"rendered":"O FALS\u00c1RIO INDECISO \u2013 Patricia Highsmith"},"content":{"rendered":"<p>O FALS\u00c1RIO INDECISO \u2013 Patricia Highsmith<\/p>\n<p>Tradu\u00e7\u00e3o de Raquel Carvalho<\/p>\n<p>Colec\u00e7\u00e3o Vida e Aventura<\/p>\n<p>Ano de edi\u00e7\u00e3o: 1998<\/p>\n<p>Editor: Livros do Brasil<\/p>\n<p>Idioma: Portugu\u00eas<\/p>\n<p>Dimens\u00f5es: 14.2 x 1.6 x 21cm<\/p>\n<p>Encaderna\u00e7\u00e3o: Capa mole<\/p>\n<p>P\u00e1ginas: 191<\/p>\n","protected":false},"excerpt":{"rendered":"<p>O FALS\u00c1RIO INDECISO \u2013 Patricia Highsmith Tradu\u00e7\u00e3o de Raquel Carvalho Colec\u00e7\u00e3o Vida e Aventura Ano de edi\u00e7\u00e3o: 1998 Editor: Livros do Brasil Idioma: Portugu\u00eas Dimens\u00f5es: 14.2 x 1.6 x 21cm Encaderna\u00e7\u00e3o: Capa mole P\u00e1ginas: 191<\/p>\n","protected":false},"featured_media":2931,"comment_status":"open","ping_status":"closed","template":"","meta":{"om_disable_all_campaigns":false,"_monsterinsights_skip_tracking":false,"_monsterinsights_sitenote_active":false,"_monsterinsights_sitenote_note":"","_monsterinsights_sitenote_category":0,"_uf_show_specific_survey":0,"_uf_disable_surveys":false},"product_cat":[26],"product_tag":[],"aioseo_notices":[],"jetpack_sharing_enabled":true,"_links":{"self":[{"href":"https:\/\/casadolivreiro.pt\/index.php\/wp-json\/wp\/v2\/product\/2930"}],"collection":[{"href":"https:\/\/casadolivreiro.pt\/index.php\/wp-json\/wp\/v2\/product"}],"about":[{"href":"https:\/\/casadolivreiro.pt\/index.php\/wp-json\/wp\/v2\/types\/product"}],"replies":[{"embeddable":true,"href":"https:\/\/casadolivreiro.pt\/index.php\/wp-json\/wp\/v2\/comments?post=2930"}],"wp:featuredmedia":[{"embeddable":true,"href":"https:\/\/casadolivreiro.pt\/index.php\/wp-json\/wp\/v2\/media\/2931"}],"wp:attachment":[{"href":"https:\/\/casadolivreiro.pt\/index.php\/wp-json\/wp\/v2\/media?parent=2930"}],"wp:term":[{"taxonomy":"product_cat","embeddable":true,"href":"https:\/\/casadolivreiro.pt\/index.php\/wp-json\/wp\/v2\/product_cat?post=2930"},{"taxonomy":"product_tag","embeddable":true,"href":"https:\/\/casadolivreiro.pt\/index.php\/wp-json\/wp\/v2\/product_tag?post=2930"}],"curies":[{"name":"wp","href":"https:\/\/api.w.org\/{rel}","templated":true}]}}