{"id":2904,"date":"2025-03-03T00:10:31","date_gmt":"2025-03-03T00:10:31","guid":{"rendered":"https:\/\/casadolivreiro.pt\/?post_type=product&#038;p=2904"},"modified":"2025-03-03T00:10:31","modified_gmt":"2025-03-03T00:10:31","slug":"o-rosto-alberto-estima-de-oliveira","status":"publish","type":"product","link":"https:\/\/casadolivreiro.pt\/index.php\/product\/o-rosto-alberto-estima-de-oliveira\/","title":{"rendered":"O ROSTO \u2013 Alberto Estima de Oliveira"},"content":{"rendered":"<p>O ROSTO \u2013 Alberto Estima de Oliveira<\/p>\n<p>Colec\u00e7\u00e3o Poetas de Macau #2<\/p>\n<p>Ano de edi\u00e7\u00e3o: 1990<\/p>\n<p>Editor: Instituto Cultural de Macau<\/p>\n<p>Idioma: Portugu\u00eas<\/p>\n<p>Dimens\u00f5es: 14.9 x 0.8 x 21<\/p>\n<p>Encaderna\u00e7\u00e3o: Capa mole<\/p>\n<p>P\u00e1ginas: 105<\/p>\n","protected":false},"excerpt":{"rendered":"<p>O ROSTO \u2013 Alberto Estima de Oliveira Colec\u00e7\u00e3o Poetas de Macau #2 Ano de edi\u00e7\u00e3o: 1990 Editor: Instituto Cultural de Macau Idioma: Portugu\u00eas Dimens\u00f5es: 14.9 x 0.8 x 21 Encaderna\u00e7\u00e3o: Capa mole P\u00e1ginas: 105<\/p>\n","protected":false},"featured_media":2905,"comment_status":"open","ping_status":"closed","template":"","meta":{"om_disable_all_campaigns":false,"_monsterinsights_skip_tracking":false,"_monsterinsights_sitenote_active":false,"_monsterinsights_sitenote_note":"","_monsterinsights_sitenote_category":0,"_uf_show_specific_survey":0,"_uf_disable_surveys":false},"product_cat":[25,27],"product_tag":[],"aioseo_notices":[],"jetpack_sharing_enabled":true,"_links":{"self":[{"href":"https:\/\/casadolivreiro.pt\/index.php\/wp-json\/wp\/v2\/product\/2904"}],"collection":[{"href":"https:\/\/casadolivreiro.pt\/index.php\/wp-json\/wp\/v2\/product"}],"about":[{"href":"https:\/\/casadolivreiro.pt\/index.php\/wp-json\/wp\/v2\/types\/product"}],"replies":[{"embeddable":true,"href":"https:\/\/casadolivreiro.pt\/index.php\/wp-json\/wp\/v2\/comments?post=2904"}],"wp:featuredmedia":[{"embeddable":true,"href":"https:\/\/casadolivreiro.pt\/index.php\/wp-json\/wp\/v2\/media\/2905"}],"wp:attachment":[{"href":"https:\/\/casadolivreiro.pt\/index.php\/wp-json\/wp\/v2\/media?parent=2904"}],"wp:term":[{"taxonomy":"product_cat","embeddable":true,"href":"https:\/\/casadolivreiro.pt\/index.php\/wp-json\/wp\/v2\/product_cat?post=2904"},{"taxonomy":"product_tag","embeddable":true,"href":"https:\/\/casadolivreiro.pt\/index.php\/wp-json\/wp\/v2\/product_tag?post=2904"}],"curies":[{"name":"wp","href":"https:\/\/api.w.org\/{rel}","templated":true}]}}