{"id":2891,"date":"2025-03-02T21:31:38","date_gmt":"2025-03-02T21:31:38","guid":{"rendered":"https:\/\/casadolivreiro.pt\/?post_type=product&#038;p=2891"},"modified":"2025-03-02T21:31:38","modified_gmt":"2025-03-02T21:31:38","slug":"acordei-como-acordam-os-tolos-cheia-de-felicidades-ione-franca","status":"publish","type":"product","link":"https:\/\/casadolivreiro.pt\/index.php\/product\/acordei-como-acordam-os-tolos-cheia-de-felicidades-ione-franca\/","title":{"rendered":"ACORDEI COMO ACORDAM OS TOLOS CHEIA DE FELICIDADES \u2013 Ione Fran\u00e7a"},"content":{"rendered":"<p>ACORDEI COMO ACORDAM OS TOLOS CHEIA DE FELICIDADES \u2013 Ione Fran\u00e7a<\/p>\n<p>Ano de edi\u00e7\u00e3o: 2015, 1\u00aaedi\u00e7\u00e3o<\/p>\n<p>Editor: 4 Esta\u00e7\u00f5es<\/p>\n<p>Idioma: Portugu\u00eas<\/p>\n<p>Dimens\u00f5es: 15 x 1.1 x 22cm<\/p>\n<p>Encaderna\u00e7\u00e3o: Capa mole<\/p>\n<p>P\u00e1ginas: 175<\/p>\n","protected":false},"excerpt":{"rendered":"<p>ACORDEI COMO ACORDAM OS TOLOS CHEIA DE FELICIDADES \u2013 Ione Fran\u00e7a Ano de edi\u00e7\u00e3o: 2015, 1\u00aaedi\u00e7\u00e3o Editor: 4 Esta\u00e7\u00f5es Idioma: Portugu\u00eas Dimens\u00f5es: 15 x 1.1 x 22cm Encaderna\u00e7\u00e3o: Capa mole P\u00e1ginas: 175<\/p>\n","protected":false},"featured_media":2892,"comment_status":"open","ping_status":"closed","template":"","meta":{"om_disable_all_campaigns":false,"_monsterinsights_skip_tracking":false,"_monsterinsights_sitenote_active":false,"_monsterinsights_sitenote_note":"","_monsterinsights_sitenote_category":0,"_uf_show_specific_survey":0,"_uf_disable_surveys":false},"product_cat":[25,27],"product_tag":[],"aioseo_notices":[],"jetpack_sharing_enabled":true,"_links":{"self":[{"href":"https:\/\/casadolivreiro.pt\/index.php\/wp-json\/wp\/v2\/product\/2891"}],"collection":[{"href":"https:\/\/casadolivreiro.pt\/index.php\/wp-json\/wp\/v2\/product"}],"about":[{"href":"https:\/\/casadolivreiro.pt\/index.php\/wp-json\/wp\/v2\/types\/product"}],"replies":[{"embeddable":true,"href":"https:\/\/casadolivreiro.pt\/index.php\/wp-json\/wp\/v2\/comments?post=2891"}],"wp:featuredmedia":[{"embeddable":true,"href":"https:\/\/casadolivreiro.pt\/index.php\/wp-json\/wp\/v2\/media\/2892"}],"wp:attachment":[{"href":"https:\/\/casadolivreiro.pt\/index.php\/wp-json\/wp\/v2\/media?parent=2891"}],"wp:term":[{"taxonomy":"product_cat","embeddable":true,"href":"https:\/\/casadolivreiro.pt\/index.php\/wp-json\/wp\/v2\/product_cat?post=2891"},{"taxonomy":"product_tag","embeddable":true,"href":"https:\/\/casadolivreiro.pt\/index.php\/wp-json\/wp\/v2\/product_tag?post=2891"}],"curies":[{"name":"wp","href":"https:\/\/api.w.org\/{rel}","templated":true}]}}