{"id":289,"date":"2024-03-07T17:42:45","date_gmt":"2024-03-07T17:42:45","guid":{"rendered":"https:\/\/casadolivreiro.pt\/?post_type=product&#038;p=289"},"modified":"2025-11-21T18:28:50","modified_gmt":"2025-11-21T18:28:50","slug":"eanes-nunca-mais-vera-lagoa","status":"publish","type":"product","link":"https:\/\/casadolivreiro.pt\/index.php\/product\/eanes-nunca-mais-vera-lagoa\/","title":{"rendered":"EANES NUNCA MAIS! &#8211; Vera Lagoa"},"content":{"rendered":"<p>EANES NUNCA MAIS!<br \/>\nVera Lagoa<br \/>\nEditor:\u00a0 Interven\u00e7\u00e3o<br \/>\nData de Lan\u00e7amento:\u00a0 1980<br \/>\nIdioma:\u00a0 Portugu\u00eas<br \/>\nDimens\u00f5es: 14.4 x 1.7 x 20.5 cm<br \/>\nEncaderna\u00e7\u00e3o: Capa mole<br \/>\nP\u00e1ginas:\u00a0 274<\/p>\n<p>\u201cQue homem \u00e9 este que em quatro anos consegue incompatibilizar-se com todos os dirigente pol\u00edticos que o apoiaram com maior ou menor entusiasmo? Que consegue incompatibilizar-se com todos eles e por raz\u00f5es diferentes em muitos casos? Julgo que Ramalho Eanes foi mais uma v\u00edtima das circunst\u00e2ncias do que um agente deliberado da sua perdi\u00e7\u00e3o\u201d, do pref\u00e1cio \u00e0 obra por Jos\u00e9 Miguel J\u00fadice.<\/p>\n","protected":false},"excerpt":{"rendered":"<p>EANES NUNCA MAIS! Vera Lagoa Editor:\u00a0 Interven\u00e7\u00e3o Data de Lan\u00e7amento:\u00a0 1980 Idioma:\u00a0 Portugu\u00eas Dimens\u00f5es: 14.4 x 1.7 x 20.5 cm Encaderna\u00e7\u00e3o: Capa mole P\u00e1ginas:\u00a0 274 \u201cQue homem \u00e9 este que em quatro anos consegue incompatibilizar-se com todos os dirigente pol\u00edticos que o apoiaram com maior ou menor entusiasmo? Que consegue incompatibilizar-se com todos eles e [&hellip;]<\/p>\n","protected":false},"featured_media":290,"comment_status":"open","ping_status":"closed","template":"","meta":{"om_disable_all_campaigns":false,"_monsterinsights_skip_tracking":false,"_monsterinsights_sitenote_active":false,"_monsterinsights_sitenote_note":"","_monsterinsights_sitenote_category":0,"_uf_show_specific_survey":0,"_uf_disable_surveys":false},"product_cat":[36,62],"product_tag":[],"aioseo_notices":[],"jetpack_sharing_enabled":true,"_links":{"self":[{"href":"https:\/\/casadolivreiro.pt\/index.php\/wp-json\/wp\/v2\/product\/289"}],"collection":[{"href":"https:\/\/casadolivreiro.pt\/index.php\/wp-json\/wp\/v2\/product"}],"about":[{"href":"https:\/\/casadolivreiro.pt\/index.php\/wp-json\/wp\/v2\/types\/product"}],"replies":[{"embeddable":true,"href":"https:\/\/casadolivreiro.pt\/index.php\/wp-json\/wp\/v2\/comments?post=289"}],"wp:featuredmedia":[{"embeddable":true,"href":"https:\/\/casadolivreiro.pt\/index.php\/wp-json\/wp\/v2\/media\/290"}],"wp:attachment":[{"href":"https:\/\/casadolivreiro.pt\/index.php\/wp-json\/wp\/v2\/media?parent=289"}],"wp:term":[{"taxonomy":"product_cat","embeddable":true,"href":"https:\/\/casadolivreiro.pt\/index.php\/wp-json\/wp\/v2\/product_cat?post=289"},{"taxonomy":"product_tag","embeddable":true,"href":"https:\/\/casadolivreiro.pt\/index.php\/wp-json\/wp\/v2\/product_tag?post=289"}],"curies":[{"name":"wp","href":"https:\/\/api.w.org\/{rel}","templated":true}]}}