{"id":2841,"date":"2025-02-28T23:54:26","date_gmt":"2025-02-28T23:54:26","guid":{"rendered":"https:\/\/casadolivreiro.pt\/?post_type=product&#038;p=2841"},"modified":"2025-02-28T23:54:26","modified_gmt":"2025-02-28T23:54:26","slug":"as-confissoes-de-nat-turner-william-styron","status":"publish","type":"product","link":"https:\/\/casadolivreiro.pt\/index.php\/product\/as-confissoes-de-nat-turner-william-styron\/","title":{"rendered":"AS CONFISS\u00d5ES DE NAT TURNER \u2013 William Styron"},"content":{"rendered":"<p>AS CONFISS\u00d5ES DE NAT TURNER \u2013 William Styron<\/p>\n<p>Tradu\u00e7\u00e3o de In\u00e9s Busse<\/p>\n<p>Ano de edi\u00e7\u00e3o: 1985<\/p>\n<p>Editor: Circulo de Leitores<\/p>\n<p>Idioma: Portugu\u00eas<\/p>\n<p>Dimens\u00f5es: 12 x 3.5 x 20.3cm<\/p>\n<p>Encaderna\u00e7\u00e3o: Capa dura<\/p>\n<p>P\u00e1ginas: 394<\/p>\n","protected":false},"excerpt":{"rendered":"<p>AS CONFISS\u00d5ES DE NAT TURNER \u2013 William Styron Tradu\u00e7\u00e3o de In\u00e9s Busse Ano de edi\u00e7\u00e3o: 1985 Editor: Circulo de Leitores Idioma: Portugu\u00eas Dimens\u00f5es: 12 x 3.5 x 20.3cm Encaderna\u00e7\u00e3o: Capa dura P\u00e1ginas: 394<\/p>\n","protected":false},"featured_media":2842,"comment_status":"open","ping_status":"closed","template":"","meta":{"om_disable_all_campaigns":false,"_monsterinsights_skip_tracking":false,"_monsterinsights_sitenote_active":false,"_monsterinsights_sitenote_note":"","_monsterinsights_sitenote_category":0,"_uf_show_specific_survey":0,"_uf_disable_surveys":false},"product_cat":[26],"product_tag":[],"aioseo_notices":[],"jetpack_sharing_enabled":true,"_links":{"self":[{"href":"https:\/\/casadolivreiro.pt\/index.php\/wp-json\/wp\/v2\/product\/2841"}],"collection":[{"href":"https:\/\/casadolivreiro.pt\/index.php\/wp-json\/wp\/v2\/product"}],"about":[{"href":"https:\/\/casadolivreiro.pt\/index.php\/wp-json\/wp\/v2\/types\/product"}],"replies":[{"embeddable":true,"href":"https:\/\/casadolivreiro.pt\/index.php\/wp-json\/wp\/v2\/comments?post=2841"}],"wp:featuredmedia":[{"embeddable":true,"href":"https:\/\/casadolivreiro.pt\/index.php\/wp-json\/wp\/v2\/media\/2842"}],"wp:attachment":[{"href":"https:\/\/casadolivreiro.pt\/index.php\/wp-json\/wp\/v2\/media?parent=2841"}],"wp:term":[{"taxonomy":"product_cat","embeddable":true,"href":"https:\/\/casadolivreiro.pt\/index.php\/wp-json\/wp\/v2\/product_cat?post=2841"},{"taxonomy":"product_tag","embeddable":true,"href":"https:\/\/casadolivreiro.pt\/index.php\/wp-json\/wp\/v2\/product_tag?post=2841"}],"curies":[{"name":"wp","href":"https:\/\/api.w.org\/{rel}","templated":true}]}}