{"id":2822,"date":"2025-02-28T22:56:06","date_gmt":"2025-02-28T22:56:06","guid":{"rendered":"https:\/\/casadolivreiro.pt\/?post_type=product&#038;p=2822"},"modified":"2025-02-28T22:56:06","modified_gmt":"2025-02-28T22:56:06","slug":"o-primeiro-marido-laura-dave","status":"publish","type":"product","link":"https:\/\/casadolivreiro.pt\/index.php\/product\/o-primeiro-marido-laura-dave\/","title":{"rendered":"O PRIMEIRO MARIDO \u2013 Laura Dave"},"content":{"rendered":"<p>O PRIMEIRO MARIDO \u2013 Laura Dave<\/p>\n<p>Tradu\u00e7\u00e3o de Duarte Sousa Tavares<\/p>\n<p>Ano de edi\u00e7\u00e3o: 2014<\/p>\n<p>Editor: 20\/20 Editora<\/p>\n<p>Idioma: Portugu\u00eas<\/p>\n<p>Dimens\u00f5es: 15 x 1.8 x 23cm<\/p>\n<p>Encaderna\u00e7\u00e3o: Capa mole<\/p>\n<p>P\u00e1ginas: 255<\/p>\n","protected":false},"excerpt":{"rendered":"<p>O PRIMEIRO MARIDO \u2013 Laura Dave Tradu\u00e7\u00e3o de Duarte Sousa Tavares Ano de edi\u00e7\u00e3o: 2014 Editor: 20\/20 Editora Idioma: Portugu\u00eas Dimens\u00f5es: 15 x 1.8 x 23cm Encaderna\u00e7\u00e3o: Capa mole P\u00e1ginas: 255<\/p>\n","protected":false},"featured_media":2824,"comment_status":"open","ping_status":"closed","template":"","meta":{"om_disable_all_campaigns":false,"_monsterinsights_skip_tracking":false,"_monsterinsights_sitenote_active":false,"_monsterinsights_sitenote_note":"","_monsterinsights_sitenote_category":0,"_uf_show_specific_survey":0,"_uf_disable_surveys":false},"product_cat":[26,37],"product_tag":[],"aioseo_notices":[],"jetpack_sharing_enabled":true,"_links":{"self":[{"href":"https:\/\/casadolivreiro.pt\/index.php\/wp-json\/wp\/v2\/product\/2822"}],"collection":[{"href":"https:\/\/casadolivreiro.pt\/index.php\/wp-json\/wp\/v2\/product"}],"about":[{"href":"https:\/\/casadolivreiro.pt\/index.php\/wp-json\/wp\/v2\/types\/product"}],"replies":[{"embeddable":true,"href":"https:\/\/casadolivreiro.pt\/index.php\/wp-json\/wp\/v2\/comments?post=2822"}],"wp:featuredmedia":[{"embeddable":true,"href":"https:\/\/casadolivreiro.pt\/index.php\/wp-json\/wp\/v2\/media\/2824"}],"wp:attachment":[{"href":"https:\/\/casadolivreiro.pt\/index.php\/wp-json\/wp\/v2\/media?parent=2822"}],"wp:term":[{"taxonomy":"product_cat","embeddable":true,"href":"https:\/\/casadolivreiro.pt\/index.php\/wp-json\/wp\/v2\/product_cat?post=2822"},{"taxonomy":"product_tag","embeddable":true,"href":"https:\/\/casadolivreiro.pt\/index.php\/wp-json\/wp\/v2\/product_tag?post=2822"}],"curies":[{"name":"wp","href":"https:\/\/api.w.org\/{rel}","templated":true}]}}