{"id":2763,"date":"2025-02-27T23:37:01","date_gmt":"2025-02-27T23:37:01","guid":{"rendered":"https:\/\/casadolivreiro.pt\/?post_type=product&#038;p=2763"},"modified":"2025-02-27T23:37:01","modified_gmt":"2025-02-27T23:37:01","slug":"dois-actores-para-um-cadaver-leo-malet","status":"publish","type":"product","link":"https:\/\/casadolivreiro.pt\/index.php\/product\/dois-actores-para-um-cadaver-leo-malet\/","title":{"rendered":"DOIS ACTORES PARA UM CAD\u00c1VER \u2013 L\u00e9o Malet"},"content":{"rendered":"<p>DOIS ACTORES PARA UM CAD\u00c1VER \u2013 L\u00e9o Malet<\/p>\n<p>Tradu\u00e7\u00e3o de Geminiano Cascais Franco<\/p>\n<p>Ano de edi\u00e7\u00e3o: 1985<\/p>\n<p>Editor: Circulo de Leitores<\/p>\n<p>Idioma: Portugu\u00eas<\/p>\n<p>Dimens\u00f5es: 12 x 1.5 x 20cm<\/p>\n<p>Encaderna\u00e7\u00e3o: Capa dura<\/p>\n<p>P\u00e1ginas: 185<\/p>\n","protected":false},"excerpt":{"rendered":"<p>DOIS ACTORES PARA UM CAD\u00c1VER \u2013 L\u00e9o Malet Tradu\u00e7\u00e3o de Geminiano Cascais Franco Ano de edi\u00e7\u00e3o: 1985 Editor: Circulo de Leitores Idioma: Portugu\u00eas Dimens\u00f5es: 12 x 1.5 x 20cm Encaderna\u00e7\u00e3o: Capa dura P\u00e1ginas: 185<\/p>\n","protected":false},"featured_media":2764,"comment_status":"open","ping_status":"closed","template":"","meta":{"om_disable_all_campaigns":false,"_monsterinsights_skip_tracking":false,"_monsterinsights_sitenote_active":false,"_monsterinsights_sitenote_note":"","_monsterinsights_sitenote_category":0,"_uf_show_specific_survey":0,"_uf_disable_surveys":false},"product_cat":[26,44],"product_tag":[],"aioseo_notices":[],"jetpack_sharing_enabled":true,"_links":{"self":[{"href":"https:\/\/casadolivreiro.pt\/index.php\/wp-json\/wp\/v2\/product\/2763"}],"collection":[{"href":"https:\/\/casadolivreiro.pt\/index.php\/wp-json\/wp\/v2\/product"}],"about":[{"href":"https:\/\/casadolivreiro.pt\/index.php\/wp-json\/wp\/v2\/types\/product"}],"replies":[{"embeddable":true,"href":"https:\/\/casadolivreiro.pt\/index.php\/wp-json\/wp\/v2\/comments?post=2763"}],"wp:featuredmedia":[{"embeddable":true,"href":"https:\/\/casadolivreiro.pt\/index.php\/wp-json\/wp\/v2\/media\/2764"}],"wp:attachment":[{"href":"https:\/\/casadolivreiro.pt\/index.php\/wp-json\/wp\/v2\/media?parent=2763"}],"wp:term":[{"taxonomy":"product_cat","embeddable":true,"href":"https:\/\/casadolivreiro.pt\/index.php\/wp-json\/wp\/v2\/product_cat?post=2763"},{"taxonomy":"product_tag","embeddable":true,"href":"https:\/\/casadolivreiro.pt\/index.php\/wp-json\/wp\/v2\/product_tag?post=2763"}],"curies":[{"name":"wp","href":"https:\/\/api.w.org\/{rel}","templated":true}]}}