{"id":2759,"date":"2025-02-27T23:25:33","date_gmt":"2025-02-27T23:25:33","guid":{"rendered":"https:\/\/casadolivreiro.pt\/?post_type=product&#038;p=2759"},"modified":"2025-02-27T23:25:33","modified_gmt":"2025-02-27T23:25:33","slug":"a-torre-do-inferno-richard-martin-stern","status":"publish","type":"product","link":"https:\/\/casadolivreiro.pt\/index.php\/product\/a-torre-do-inferno-richard-martin-stern\/","title":{"rendered":"A TORRE DO INFERNO \u2013 Richard Martin Stern"},"content":{"rendered":"<p>A TORRE DO INFERNO \u2013 Richard Martin Stern<\/p>\n<p>Tradu\u00e7\u00e3o de Daniel Augusto Gon\u00e7alves<\/p>\n<p>Ano de edi\u00e7\u00e3o: 1976<\/p>\n<p>Editor: Circulo de Leitores<\/p>\n<p>Idioma: Portugu\u00eas<\/p>\n<p>Dimens\u00f5es: 12 x 2.5 x 20cm<\/p>\n<p>Encaderna\u00e7\u00e3o: Capa dura<\/p>\n<p>P\u00e1ginas: 343<\/p>\n","protected":false},"excerpt":{"rendered":"<p>A TORRE DO INFERNO \u2013 Richard Martin Stern Tradu\u00e7\u00e3o de Daniel Augusto Gon\u00e7alves Ano de edi\u00e7\u00e3o: 1976 Editor: Circulo de Leitores Idioma: Portugu\u00eas Dimens\u00f5es: 12 x 2.5 x 20cm Encaderna\u00e7\u00e3o: Capa dura P\u00e1ginas: 343<\/p>\n","protected":false},"featured_media":2760,"comment_status":"open","ping_status":"closed","template":"","meta":{"om_disable_all_campaigns":false,"_monsterinsights_skip_tracking":false,"_monsterinsights_sitenote_active":false,"_monsterinsights_sitenote_note":"","_monsterinsights_sitenote_category":0,"_uf_show_specific_survey":0,"_uf_disable_surveys":false},"product_cat":[26],"product_tag":[],"aioseo_notices":[],"jetpack_sharing_enabled":true,"_links":{"self":[{"href":"https:\/\/casadolivreiro.pt\/index.php\/wp-json\/wp\/v2\/product\/2759"}],"collection":[{"href":"https:\/\/casadolivreiro.pt\/index.php\/wp-json\/wp\/v2\/product"}],"about":[{"href":"https:\/\/casadolivreiro.pt\/index.php\/wp-json\/wp\/v2\/types\/product"}],"replies":[{"embeddable":true,"href":"https:\/\/casadolivreiro.pt\/index.php\/wp-json\/wp\/v2\/comments?post=2759"}],"wp:featuredmedia":[{"embeddable":true,"href":"https:\/\/casadolivreiro.pt\/index.php\/wp-json\/wp\/v2\/media\/2760"}],"wp:attachment":[{"href":"https:\/\/casadolivreiro.pt\/index.php\/wp-json\/wp\/v2\/media?parent=2759"}],"wp:term":[{"taxonomy":"product_cat","embeddable":true,"href":"https:\/\/casadolivreiro.pt\/index.php\/wp-json\/wp\/v2\/product_cat?post=2759"},{"taxonomy":"product_tag","embeddable":true,"href":"https:\/\/casadolivreiro.pt\/index.php\/wp-json\/wp\/v2\/product_tag?post=2759"}],"curies":[{"name":"wp","href":"https:\/\/api.w.org\/{rel}","templated":true}]}}