{"id":2741,"date":"2025-02-27T17:50:07","date_gmt":"2025-02-27T17:50:07","guid":{"rendered":"https:\/\/casadolivreiro.pt\/?post_type=product&#038;p=2741"},"modified":"2025-02-27T17:50:07","modified_gmt":"2025-02-27T17:50:07","slug":"a-borboleta-de-dinard-eugenio-montale","status":"publish","type":"product","link":"https:\/\/casadolivreiro.pt\/index.php\/product\/a-borboleta-de-dinard-eugenio-montale\/","title":{"rendered":"A BORBOLETA DE DINARD \u2013 Eugenio Montale"},"content":{"rendered":"<p>A BORBOLETA DE DINARD \u2013 Eugenio Montale<\/p>\n<p>Tradu\u00e7\u00e3o de Armandina Puga, Cardigos dos Reis, Carlo Aluigi e H\u00e9lder Pereira Rodrigues<\/p>\n<p>Ano de edi\u00e7\u00e3o: 1975<\/p>\n<p>Editor: Dom Quixote, Lisboa<\/p>\n<p>Idioma: Portugu\u00eas<\/p>\n<p>Dimens\u00f5es: 12 x 1.8 x 20cm<\/p>\n<p>Encaderna\u00e7\u00e3o: Capa mole<\/p>\n<p>P\u00e1ginas: 280<\/p>\n","protected":false},"excerpt":{"rendered":"<p>A BORBOLETA DE DINARD \u2013 Eugenio Montale Tradu\u00e7\u00e3o de Armandina Puga, Cardigos dos Reis, Carlo Aluigi e H\u00e9lder Pereira Rodrigues Ano de edi\u00e7\u00e3o: 1975 Editor: Dom Quixote, Lisboa Idioma: Portugu\u00eas Dimens\u00f5es: 12 x 1.8 x 20cm Encaderna\u00e7\u00e3o: Capa mole P\u00e1ginas: 280<\/p>\n","protected":false},"featured_media":2742,"comment_status":"open","ping_status":"closed","template":"","meta":{"om_disable_all_campaigns":false,"_monsterinsights_skip_tracking":false,"_monsterinsights_sitenote_active":false,"_monsterinsights_sitenote_note":"","_monsterinsights_sitenote_category":0,"_uf_show_specific_survey":0,"_uf_disable_surveys":false},"product_cat":[26],"product_tag":[],"aioseo_notices":[],"jetpack_sharing_enabled":true,"_links":{"self":[{"href":"https:\/\/casadolivreiro.pt\/index.php\/wp-json\/wp\/v2\/product\/2741"}],"collection":[{"href":"https:\/\/casadolivreiro.pt\/index.php\/wp-json\/wp\/v2\/product"}],"about":[{"href":"https:\/\/casadolivreiro.pt\/index.php\/wp-json\/wp\/v2\/types\/product"}],"replies":[{"embeddable":true,"href":"https:\/\/casadolivreiro.pt\/index.php\/wp-json\/wp\/v2\/comments?post=2741"}],"wp:featuredmedia":[{"embeddable":true,"href":"https:\/\/casadolivreiro.pt\/index.php\/wp-json\/wp\/v2\/media\/2742"}],"wp:attachment":[{"href":"https:\/\/casadolivreiro.pt\/index.php\/wp-json\/wp\/v2\/media?parent=2741"}],"wp:term":[{"taxonomy":"product_cat","embeddable":true,"href":"https:\/\/casadolivreiro.pt\/index.php\/wp-json\/wp\/v2\/product_cat?post=2741"},{"taxonomy":"product_tag","embeddable":true,"href":"https:\/\/casadolivreiro.pt\/index.php\/wp-json\/wp\/v2\/product_tag?post=2741"}],"curies":[{"name":"wp","href":"https:\/\/api.w.org\/{rel}","templated":true}]}}