{"id":2739,"date":"2025-02-27T17:28:55","date_gmt":"2025-02-27T17:28:55","guid":{"rendered":"https:\/\/casadolivreiro.pt\/?post_type=product&#038;p=2739"},"modified":"2025-02-27T17:28:55","modified_gmt":"2025-02-27T17:28:55","slug":"o-homem-que-nao-quiseram-deixar-morrer-alexander-dorozynski","status":"publish","type":"product","link":"https:\/\/casadolivreiro.pt\/index.php\/product\/o-homem-que-nao-quiseram-deixar-morrer-alexander-dorozynski\/","title":{"rendered":"O HOMEM QUE N\u00c3O QUISERAM DEIXAR MORRER \u2013 Alexander Dorozynski"},"content":{"rendered":"<p>O HOMEM QUE N\u00c3O QUISERAM DEIXAR MORRER \u2013 Alexander Dorozynski<\/p>\n<p>Tradu\u00e7\u00e3o de Alberto Candeias<\/p>\n<p>Colec\u00e7\u00e3o: Documentos Humanos #19<\/p>\n<p>Ano de edi\u00e7\u00e3o: 1965<\/p>\n<p>Editor: Portug\u00e1lia Editora<\/p>\n<p>Idioma: Portugu\u00eas<\/p>\n<p>Dimens\u00f5es: 14.7 x 1.8 x 22cm<\/p>\n<p>Encaderna\u00e7\u00e3o: Capa mole<\/p>\n<p>P\u00e1ginas: 217<\/p>\n","protected":false},"excerpt":{"rendered":"<p>O HOMEM QUE N\u00c3O QUISERAM DEIXAR MORRER \u2013 Alexander Dorozynski Tradu\u00e7\u00e3o de Alberto Candeias Colec\u00e7\u00e3o: Documentos Humanos #19 Ano de edi\u00e7\u00e3o: 1965 Editor: Portug\u00e1lia Editora Idioma: Portugu\u00eas Dimens\u00f5es: 14.7 x 1.8 x 22cm Encaderna\u00e7\u00e3o: Capa mole P\u00e1ginas: 217<\/p>\n","protected":false},"featured_media":2740,"comment_status":"open","ping_status":"closed","template":"","meta":{"om_disable_all_campaigns":false,"_monsterinsights_skip_tracking":false,"_monsterinsights_sitenote_active":false,"_monsterinsights_sitenote_note":"","_monsterinsights_sitenote_category":0,"_uf_show_specific_survey":0,"_uf_disable_surveys":false},"product_cat":[30,26,36],"product_tag":[],"aioseo_notices":[],"jetpack_sharing_enabled":true,"_links":{"self":[{"href":"https:\/\/casadolivreiro.pt\/index.php\/wp-json\/wp\/v2\/product\/2739"}],"collection":[{"href":"https:\/\/casadolivreiro.pt\/index.php\/wp-json\/wp\/v2\/product"}],"about":[{"href":"https:\/\/casadolivreiro.pt\/index.php\/wp-json\/wp\/v2\/types\/product"}],"replies":[{"embeddable":true,"href":"https:\/\/casadolivreiro.pt\/index.php\/wp-json\/wp\/v2\/comments?post=2739"}],"wp:featuredmedia":[{"embeddable":true,"href":"https:\/\/casadolivreiro.pt\/index.php\/wp-json\/wp\/v2\/media\/2740"}],"wp:attachment":[{"href":"https:\/\/casadolivreiro.pt\/index.php\/wp-json\/wp\/v2\/media?parent=2739"}],"wp:term":[{"taxonomy":"product_cat","embeddable":true,"href":"https:\/\/casadolivreiro.pt\/index.php\/wp-json\/wp\/v2\/product_cat?post=2739"},{"taxonomy":"product_tag","embeddable":true,"href":"https:\/\/casadolivreiro.pt\/index.php\/wp-json\/wp\/v2\/product_tag?post=2739"}],"curies":[{"name":"wp","href":"https:\/\/api.w.org\/{rel}","templated":true}]}}