{"id":2731,"date":"2025-02-27T16:52:36","date_gmt":"2025-02-27T16:52:36","guid":{"rendered":"https:\/\/casadolivreiro.pt\/?post_type=product&#038;p=2731"},"modified":"2025-02-27T16:52:36","modified_gmt":"2025-02-27T16:52:36","slug":"teresa-raquin-emile-zola","status":"publish","type":"product","link":"https:\/\/casadolivreiro.pt\/index.php\/product\/teresa-raquin-emile-zola\/","title":{"rendered":"TERESA RAQUIN \u2013 \u00c9mile Zola"},"content":{"rendered":"<p>TERESA RAQUIN \u2013 \u00c9mile Zola<\/p>\n<p>Tradu\u00e7\u00e3o de Jo\u00e3o Gaspar Sim\u00f5es<\/p>\n<p>Ano de edi\u00e7\u00e3o:<\/p>\n<p>Editor: Circulo de Leitores<\/p>\n<p>Idioma: Portugu\u00eas<\/p>\n<p>Dimens\u00f5es: 12 x 2 x 20.5cm<\/p>\n<p>Encaderna\u00e7\u00e3o: Capa dura<\/p>\n<p>P\u00e1ginas: 287<\/p>\n","protected":false},"excerpt":{"rendered":"<p>TERESA RAQUIN \u2013 \u00c9mile Zola Tradu\u00e7\u00e3o de Jo\u00e3o Gaspar Sim\u00f5es Ano de edi\u00e7\u00e3o: Editor: Circulo de Leitores Idioma: Portugu\u00eas Dimens\u00f5es: 12 x 2 x 20.5cm Encaderna\u00e7\u00e3o: Capa dura P\u00e1ginas: 287<\/p>\n","protected":false},"featured_media":2732,"comment_status":"open","ping_status":"closed","template":"","meta":{"om_disable_all_campaigns":false,"_monsterinsights_skip_tracking":false,"_monsterinsights_sitenote_active":false,"_monsterinsights_sitenote_note":"","_monsterinsights_sitenote_category":0,"_uf_show_specific_survey":0,"_uf_disable_surveys":false},"product_cat":[26],"product_tag":[],"aioseo_notices":[],"jetpack_sharing_enabled":true,"_links":{"self":[{"href":"https:\/\/casadolivreiro.pt\/index.php\/wp-json\/wp\/v2\/product\/2731"}],"collection":[{"href":"https:\/\/casadolivreiro.pt\/index.php\/wp-json\/wp\/v2\/product"}],"about":[{"href":"https:\/\/casadolivreiro.pt\/index.php\/wp-json\/wp\/v2\/types\/product"}],"replies":[{"embeddable":true,"href":"https:\/\/casadolivreiro.pt\/index.php\/wp-json\/wp\/v2\/comments?post=2731"}],"wp:featuredmedia":[{"embeddable":true,"href":"https:\/\/casadolivreiro.pt\/index.php\/wp-json\/wp\/v2\/media\/2732"}],"wp:attachment":[{"href":"https:\/\/casadolivreiro.pt\/index.php\/wp-json\/wp\/v2\/media?parent=2731"}],"wp:term":[{"taxonomy":"product_cat","embeddable":true,"href":"https:\/\/casadolivreiro.pt\/index.php\/wp-json\/wp\/v2\/product_cat?post=2731"},{"taxonomy":"product_tag","embeddable":true,"href":"https:\/\/casadolivreiro.pt\/index.php\/wp-json\/wp\/v2\/product_tag?post=2731"}],"curies":[{"name":"wp","href":"https:\/\/api.w.org\/{rel}","templated":true}]}}