{"id":2728,"date":"2025-02-27T16:46:09","date_gmt":"2025-02-27T16:46:09","guid":{"rendered":"https:\/\/casadolivreiro.pt\/?post_type=product&#038;p=2728"},"modified":"2025-02-27T16:46:09","modified_gmt":"2025-02-27T16:46:09","slug":"a-vida-de-lazarilho-de-tormes-e-da-suas-fortunas-e-adversidades","status":"publish","type":"product","link":"https:\/\/casadolivreiro.pt\/index.php\/product\/a-vida-de-lazarilho-de-tormes-e-da-suas-fortunas-e-adversidades\/","title":{"rendered":"A VIDA DE LAZARILHO DE TORMES E DA SUAS FORTUNAS E ADVERSIDADES"},"content":{"rendered":"<p>A VIDA DE LAZARILHO DE TORMES E DA SUAS FORTUNAS E ADVERSIDADES<\/p>\n<p>OS CL\u00c1SSICOS ESPANH\u00d3IS<\/p>\n<p>Tradu\u00e7\u00e3o de Ars\u00e9nio Mota<\/p>\n<p>Ano de edi\u00e7\u00e3o: 1977<\/p>\n<p>Editor: Livraria Civiliza\u00e7\u00e3o Editora<\/p>\n<p>Idioma: Portugu\u00eas<\/p>\n<p>Dimens\u00f5es: 15 x 1.8 x 22cm<\/p>\n<p>Encaderna\u00e7\u00e3o: Capa dura<\/p>\n<p>P\u00e1ginas: 213<\/p>\n","protected":false},"excerpt":{"rendered":"<p>A VIDA DE LAZARILHO DE TORMES E DA SUAS FORTUNAS E ADVERSIDADES OS CL\u00c1SSICOS ESPANH\u00d3IS Tradu\u00e7\u00e3o de Ars\u00e9nio Mota Ano de edi\u00e7\u00e3o: 1977 Editor: Livraria Civiliza\u00e7\u00e3o Editora Idioma: Portugu\u00eas Dimens\u00f5es: 15 x 1.8 x 22cm Encaderna\u00e7\u00e3o: Capa dura P\u00e1ginas: 213<\/p>\n","protected":false},"featured_media":2729,"comment_status":"open","ping_status":"closed","template":"","meta":{"om_disable_all_campaigns":false,"_monsterinsights_skip_tracking":false,"_monsterinsights_sitenote_active":false,"_monsterinsights_sitenote_note":"","_monsterinsights_sitenote_category":0,"_uf_show_specific_survey":0,"_uf_disable_surveys":false},"product_cat":[47,30,26],"product_tag":[],"aioseo_notices":[],"jetpack_sharing_enabled":true,"_links":{"self":[{"href":"https:\/\/casadolivreiro.pt\/index.php\/wp-json\/wp\/v2\/product\/2728"}],"collection":[{"href":"https:\/\/casadolivreiro.pt\/index.php\/wp-json\/wp\/v2\/product"}],"about":[{"href":"https:\/\/casadolivreiro.pt\/index.php\/wp-json\/wp\/v2\/types\/product"}],"replies":[{"embeddable":true,"href":"https:\/\/casadolivreiro.pt\/index.php\/wp-json\/wp\/v2\/comments?post=2728"}],"wp:featuredmedia":[{"embeddable":true,"href":"https:\/\/casadolivreiro.pt\/index.php\/wp-json\/wp\/v2\/media\/2729"}],"wp:attachment":[{"href":"https:\/\/casadolivreiro.pt\/index.php\/wp-json\/wp\/v2\/media?parent=2728"}],"wp:term":[{"taxonomy":"product_cat","embeddable":true,"href":"https:\/\/casadolivreiro.pt\/index.php\/wp-json\/wp\/v2\/product_cat?post=2728"},{"taxonomy":"product_tag","embeddable":true,"href":"https:\/\/casadolivreiro.pt\/index.php\/wp-json\/wp\/v2\/product_tag?post=2728"}],"curies":[{"name":"wp","href":"https:\/\/api.w.org\/{rel}","templated":true}]}}