{"id":2723,"date":"2025-02-27T16:29:15","date_gmt":"2025-02-27T16:29:15","guid":{"rendered":"https:\/\/casadolivreiro.pt\/?post_type=product&#038;p=2723"},"modified":"2025-02-27T16:29:15","modified_gmt":"2025-02-27T16:29:15","slug":"revelacao-michael-crichton","status":"publish","type":"product","link":"https:\/\/casadolivreiro.pt\/index.php\/product\/revelacao-michael-crichton\/","title":{"rendered":"REVELA\u00c7\u00c3O \u2013 Michael Crichton"},"content":{"rendered":"<p>REVELA\u00c7\u00c3O \u2013 Michael Crichton<\/p>\n<p>Tradu\u00e7\u00e3o de Maria Dulce Telles de Menezes<\/p>\n<p>Ano de edi\u00e7\u00e3o: 1995<\/p>\n<p>Editor: Difus\u00e3oCultural (Grandes Livros) 1\u00aaedi\u00e7\u00e3o<\/p>\n<p>Idioma: Portugu\u00eas<\/p>\n<p>Dimens\u00f5es: 15.5 x 1 x 22.5cm<\/p>\n<p>Encaderna\u00e7\u00e3o: Capa mole<\/p>\n<p>P\u00e1ginas: 172<\/p>\n","protected":false},"excerpt":{"rendered":"<p>REVELA\u00c7\u00c3O \u2013 Michael Crichton Tradu\u00e7\u00e3o de Maria Dulce Telles de Menezes Ano de edi\u00e7\u00e3o: 1995 Editor: Difus\u00e3oCultural (Grandes Livros) 1\u00aaedi\u00e7\u00e3o Idioma: Portugu\u00eas Dimens\u00f5es: 15.5 x 1 x 22.5cm Encaderna\u00e7\u00e3o: Capa mole P\u00e1ginas: 172<\/p>\n","protected":false},"featured_media":2725,"comment_status":"open","ping_status":"closed","template":"","meta":{"om_disable_all_campaigns":false,"_monsterinsights_skip_tracking":false,"_monsterinsights_sitenote_active":false,"_monsterinsights_sitenote_note":"","_monsterinsights_sitenote_category":0,"_uf_show_specific_survey":0,"_uf_disable_surveys":false},"product_cat":[26,61],"product_tag":[],"aioseo_notices":[],"jetpack_sharing_enabled":true,"_links":{"self":[{"href":"https:\/\/casadolivreiro.pt\/index.php\/wp-json\/wp\/v2\/product\/2723"}],"collection":[{"href":"https:\/\/casadolivreiro.pt\/index.php\/wp-json\/wp\/v2\/product"}],"about":[{"href":"https:\/\/casadolivreiro.pt\/index.php\/wp-json\/wp\/v2\/types\/product"}],"replies":[{"embeddable":true,"href":"https:\/\/casadolivreiro.pt\/index.php\/wp-json\/wp\/v2\/comments?post=2723"}],"wp:featuredmedia":[{"embeddable":true,"href":"https:\/\/casadolivreiro.pt\/index.php\/wp-json\/wp\/v2\/media\/2725"}],"wp:attachment":[{"href":"https:\/\/casadolivreiro.pt\/index.php\/wp-json\/wp\/v2\/media?parent=2723"}],"wp:term":[{"taxonomy":"product_cat","embeddable":true,"href":"https:\/\/casadolivreiro.pt\/index.php\/wp-json\/wp\/v2\/product_cat?post=2723"},{"taxonomy":"product_tag","embeddable":true,"href":"https:\/\/casadolivreiro.pt\/index.php\/wp-json\/wp\/v2\/product_tag?post=2723"}],"curies":[{"name":"wp","href":"https:\/\/api.w.org\/{rel}","templated":true}]}}