{"id":2713,"date":"2025-02-27T14:38:47","date_gmt":"2025-02-27T14:38:47","guid":{"rendered":"https:\/\/casadolivreiro.pt\/?post_type=product&#038;p=2713"},"modified":"2025-02-27T14:39:17","modified_gmt":"2025-02-27T14:39:17","slug":"maus-rapazes-anthony-bruno","status":"publish","type":"product","link":"https:\/\/casadolivreiro.pt\/index.php\/product\/maus-rapazes-anthony-bruno\/","title":{"rendered":"MAUS RAPAZES \u2013 Anthony Bruno"},"content":{"rendered":"<p>MAUS RAPAZES \u2013 Anthony Bruno<\/p>\n<p>Tradu\u00e7\u00e3o de Eduardo Sal\u00f3<\/p>\n<p>Ano de edi\u00e7\u00e3o: 1993<\/p>\n<p>Editor: Circulo de Leitores<\/p>\n<p>Idioma: Portugu\u00eas<\/p>\n<p>Dimens\u00f5es: 12 x 3.3 x 20cm<\/p>\n<p>Encaderna\u00e7\u00e3o: Capa dura<\/p>\n<p>P\u00e1ginas: 333<\/p>\n","protected":false},"excerpt":{"rendered":"<p>MAUS RAPAZES \u2013 Anthony Bruno Tradu\u00e7\u00e3o de Eduardo Sal\u00f3 Ano de edi\u00e7\u00e3o: 1993 Editor: Circulo de Leitores Idioma: Portugu\u00eas Dimens\u00f5es: 12 x 3.3 x 20cm Encaderna\u00e7\u00e3o: Capa dura P\u00e1ginas: 333<\/p>\n","protected":false},"featured_media":2714,"comment_status":"open","ping_status":"closed","template":"","meta":{"om_disable_all_campaigns":false,"_monsterinsights_skip_tracking":false,"_monsterinsights_sitenote_active":false,"_monsterinsights_sitenote_note":"","_monsterinsights_sitenote_category":0,"_uf_show_specific_survey":0,"_uf_disable_surveys":false},"product_cat":[26],"product_tag":[],"aioseo_notices":[],"jetpack_sharing_enabled":true,"_links":{"self":[{"href":"https:\/\/casadolivreiro.pt\/index.php\/wp-json\/wp\/v2\/product\/2713"}],"collection":[{"href":"https:\/\/casadolivreiro.pt\/index.php\/wp-json\/wp\/v2\/product"}],"about":[{"href":"https:\/\/casadolivreiro.pt\/index.php\/wp-json\/wp\/v2\/types\/product"}],"replies":[{"embeddable":true,"href":"https:\/\/casadolivreiro.pt\/index.php\/wp-json\/wp\/v2\/comments?post=2713"}],"wp:featuredmedia":[{"embeddable":true,"href":"https:\/\/casadolivreiro.pt\/index.php\/wp-json\/wp\/v2\/media\/2714"}],"wp:attachment":[{"href":"https:\/\/casadolivreiro.pt\/index.php\/wp-json\/wp\/v2\/media?parent=2713"}],"wp:term":[{"taxonomy":"product_cat","embeddable":true,"href":"https:\/\/casadolivreiro.pt\/index.php\/wp-json\/wp\/v2\/product_cat?post=2713"},{"taxonomy":"product_tag","embeddable":true,"href":"https:\/\/casadolivreiro.pt\/index.php\/wp-json\/wp\/v2\/product_tag?post=2713"}],"curies":[{"name":"wp","href":"https:\/\/api.w.org\/{rel}","templated":true}]}}