{"id":2635,"date":"2025-02-26T16:21:47","date_gmt":"2025-02-26T16:21:47","guid":{"rendered":"https:\/\/casadolivreiro.pt\/?post_type=product&#038;p=2635"},"modified":"2025-02-26T16:21:47","modified_gmt":"2025-02-26T16:21:47","slug":"mestres-de-ficcao-cientifica-antologia-organizada-e-prefaciada-por-laurence-m-janifer","status":"publish","type":"product","link":"https:\/\/casadolivreiro.pt\/index.php\/product\/mestres-de-ficcao-cientifica-antologia-organizada-e-prefaciada-por-laurence-m-janifer\/","title":{"rendered":"MESTRES DE FIC\u00c7\u00c3O-CIENTIFICA \u2013 antologia organizada e prefaciada por Laurence M. Janifer"},"content":{"rendered":"<p>MESTRES DE FIC\u00c7\u00c3O-CIENTIFICA \u2013 antologia organizada e prefaciada por Laurence M. Janifer<\/p>\n<p>Tradu\u00e7\u00e3o de Elsa Ferreira e Miguel Casquilho<\/p>\n<p>Ano de edi\u00e7\u00e3o:<\/p>\n<p>Editor: Palirex<\/p>\n<p>Idioma: Portugu\u00eas<\/p>\n<p>Dimens\u00f5es: 11 x 3 x 19.3cm<\/p>\n<p>Encaderna\u00e7\u00e3o: Capa dura<\/p>\n<p>P\u00e1ginas: 435<\/p>\n","protected":false},"excerpt":{"rendered":"<p>MESTRES DE FIC\u00c7\u00c3O-CIENTIFICA \u2013 antologia organizada e prefaciada por Laurence M. Janifer Tradu\u00e7\u00e3o de Elsa Ferreira e Miguel Casquilho Ano de edi\u00e7\u00e3o: Editor: Palirex Idioma: Portugu\u00eas Dimens\u00f5es: 11 x 3 x 19.3cm Encaderna\u00e7\u00e3o: Capa dura P\u00e1ginas: 435<\/p>\n","protected":false},"featured_media":2636,"comment_status":"open","ping_status":"closed","template":"","meta":{"om_disable_all_campaigns":false,"_monsterinsights_skip_tracking":false,"_monsterinsights_sitenote_active":false,"_monsterinsights_sitenote_note":"","_monsterinsights_sitenote_category":0,"_uf_show_specific_survey":0,"_uf_disable_surveys":false},"product_cat":[26],"product_tag":[],"aioseo_notices":[],"jetpack_sharing_enabled":true,"_links":{"self":[{"href":"https:\/\/casadolivreiro.pt\/index.php\/wp-json\/wp\/v2\/product\/2635"}],"collection":[{"href":"https:\/\/casadolivreiro.pt\/index.php\/wp-json\/wp\/v2\/product"}],"about":[{"href":"https:\/\/casadolivreiro.pt\/index.php\/wp-json\/wp\/v2\/types\/product"}],"replies":[{"embeddable":true,"href":"https:\/\/casadolivreiro.pt\/index.php\/wp-json\/wp\/v2\/comments?post=2635"}],"wp:featuredmedia":[{"embeddable":true,"href":"https:\/\/casadolivreiro.pt\/index.php\/wp-json\/wp\/v2\/media\/2636"}],"wp:attachment":[{"href":"https:\/\/casadolivreiro.pt\/index.php\/wp-json\/wp\/v2\/media?parent=2635"}],"wp:term":[{"taxonomy":"product_cat","embeddable":true,"href":"https:\/\/casadolivreiro.pt\/index.php\/wp-json\/wp\/v2\/product_cat?post=2635"},{"taxonomy":"product_tag","embeddable":true,"href":"https:\/\/casadolivreiro.pt\/index.php\/wp-json\/wp\/v2\/product_tag?post=2635"}],"curies":[{"name":"wp","href":"https:\/\/api.w.org\/{rel}","templated":true}]}}