{"id":2633,"date":"2025-02-26T16:18:52","date_gmt":"2025-02-26T16:18:52","guid":{"rendered":"https:\/\/casadolivreiro.pt\/?post_type=product&#038;p=2633"},"modified":"2025-02-26T16:18:52","modified_gmt":"2025-02-26T16:18:52","slug":"estrategias-femininas-evelyn-shaw-joan-darling","status":"publish","type":"product","link":"https:\/\/casadolivreiro.pt\/index.php\/product\/estrategias-femininas-evelyn-shaw-joan-darling\/","title":{"rendered":"ESTRAT\u00c9GIAS FEMININAS \u2013 Evelyn Shaw, Joan Darling"},"content":{"rendered":"<p>ESTRAT\u00c9GIAS FEMININAS \u2013 Evelyn Shaw, Joan Darling<br \/>\nTradu\u00e7\u00e3o de Ribeiro da Fonseca<\/p>\n<p>Colec\u00e7\u00e3o: Biblioteca de Divulga\u00e7\u00e3o Cient\u00edfica<\/p>\n<p>Ano de edi\u00e7\u00e3o: 1987<\/p>\n<p>Editor: Circulo de Leitores<\/p>\n<p>Idioma: Portugu\u00eas<\/p>\n<p>Dimens\u00f5es: 12 x 1.5 x 20.2cm<\/p>\n<p>Encaderna\u00e7\u00e3o: Capa dura<\/p>\n<p>P\u00e1ginas: 217<\/p>\n","protected":false},"excerpt":{"rendered":"<p>ESTRAT\u00c9GIAS FEMININAS \u2013 Evelyn Shaw, Joan Darling Tradu\u00e7\u00e3o de Ribeiro da Fonseca Colec\u00e7\u00e3o: Biblioteca de Divulga\u00e7\u00e3o Cient\u00edfica Ano de edi\u00e7\u00e3o: 1987 Editor: Circulo de Leitores Idioma: Portugu\u00eas Dimens\u00f5es: 12 x 1.5 x 20.2cm Encaderna\u00e7\u00e3o: Capa dura P\u00e1ginas: 217<\/p>\n","protected":false},"featured_media":2634,"comment_status":"open","ping_status":"closed","template":"","meta":{"om_disable_all_campaigns":false,"_monsterinsights_skip_tracking":false,"_monsterinsights_sitenote_active":false,"_monsterinsights_sitenote_note":"","_monsterinsights_sitenote_category":0,"_uf_show_specific_survey":0,"_uf_disable_surveys":false},"product_cat":[31,47],"product_tag":[],"aioseo_notices":[],"jetpack_sharing_enabled":true,"_links":{"self":[{"href":"https:\/\/casadolivreiro.pt\/index.php\/wp-json\/wp\/v2\/product\/2633"}],"collection":[{"href":"https:\/\/casadolivreiro.pt\/index.php\/wp-json\/wp\/v2\/product"}],"about":[{"href":"https:\/\/casadolivreiro.pt\/index.php\/wp-json\/wp\/v2\/types\/product"}],"replies":[{"embeddable":true,"href":"https:\/\/casadolivreiro.pt\/index.php\/wp-json\/wp\/v2\/comments?post=2633"}],"wp:featuredmedia":[{"embeddable":true,"href":"https:\/\/casadolivreiro.pt\/index.php\/wp-json\/wp\/v2\/media\/2634"}],"wp:attachment":[{"href":"https:\/\/casadolivreiro.pt\/index.php\/wp-json\/wp\/v2\/media?parent=2633"}],"wp:term":[{"taxonomy":"product_cat","embeddable":true,"href":"https:\/\/casadolivreiro.pt\/index.php\/wp-json\/wp\/v2\/product_cat?post=2633"},{"taxonomy":"product_tag","embeddable":true,"href":"https:\/\/casadolivreiro.pt\/index.php\/wp-json\/wp\/v2\/product_tag?post=2633"}],"curies":[{"name":"wp","href":"https:\/\/api.w.org\/{rel}","templated":true}]}}