{"id":262,"date":"2024-03-07T16:48:26","date_gmt":"2024-03-07T16:48:26","guid":{"rendered":"https:\/\/casadolivreiro.pt\/?post_type=product&#038;p=262"},"modified":"2024-03-07T16:48:26","modified_gmt":"2024-03-07T16:48:26","slug":"ate-pra-semana-silvestre-fonseca","status":"publish","type":"product","link":"https:\/\/casadolivreiro.pt\/index.php\/product\/ate-pra-semana-silvestre-fonseca\/","title":{"rendered":"AT\u00c9 P\u2019R\u00c1 SEMANA &#8211; Silvestre Fonseca"},"content":{"rendered":"<p>AT\u00c9 P\u2019R\u00c1 SEMANA<br \/>\nSilvestre Fonseca<br \/>\nAutografado<br \/>\nPref\u00e1cio de Rosa Lobato de Faria<br \/>\nISBN:\u00a0\u00a0\u00a0 972-8700-38-5<br \/>\nEditor:\u00a0 F\u00f3lio Edi\u00e7\u00f3es, Porto<br \/>\nData de Lan\u00e7amento:\u00a0 2006<br \/>\nIdioma:\u00a0 Portugu\u00eas<br \/>\nDimens\u00f5es: 15 x 2 x 23cm<br \/>\nEncaderna\u00e7\u00e3o: Capa mole<br \/>\nP\u00e1ginas: 198<\/p>\n","protected":false},"excerpt":{"rendered":"<p>AT\u00c9 P\u2019R\u00c1 SEMANA Silvestre Fonseca Autografado Pref\u00e1cio de Rosa Lobato de Faria ISBN:\u00a0\u00a0\u00a0 972-8700-38-5 Editor:\u00a0 F\u00f3lio Edi\u00e7\u00f3es, Porto Data de Lan\u00e7amento:\u00a0 2006 Idioma:\u00a0 Portugu\u00eas Dimens\u00f5es: 15 x 2 x 23cm Encaderna\u00e7\u00e3o: Capa mole P\u00e1ginas: 198<\/p>\n","protected":false},"featured_media":263,"comment_status":"open","ping_status":"closed","template":"","meta":{"om_disable_all_campaigns":false,"_monsterinsights_skip_tracking":false,"_monsterinsights_sitenote_active":false,"_monsterinsights_sitenote_note":"","_monsterinsights_sitenote_category":0,"_uf_show_specific_survey":0,"_uf_disable_surveys":false},"product_cat":[31,36,62],"product_tag":[],"aioseo_notices":[],"jetpack_sharing_enabled":true,"_links":{"self":[{"href":"https:\/\/casadolivreiro.pt\/index.php\/wp-json\/wp\/v2\/product\/262"}],"collection":[{"href":"https:\/\/casadolivreiro.pt\/index.php\/wp-json\/wp\/v2\/product"}],"about":[{"href":"https:\/\/casadolivreiro.pt\/index.php\/wp-json\/wp\/v2\/types\/product"}],"replies":[{"embeddable":true,"href":"https:\/\/casadolivreiro.pt\/index.php\/wp-json\/wp\/v2\/comments?post=262"}],"wp:featuredmedia":[{"embeddable":true,"href":"https:\/\/casadolivreiro.pt\/index.php\/wp-json\/wp\/v2\/media\/263"}],"wp:attachment":[{"href":"https:\/\/casadolivreiro.pt\/index.php\/wp-json\/wp\/v2\/media?parent=262"}],"wp:term":[{"taxonomy":"product_cat","embeddable":true,"href":"https:\/\/casadolivreiro.pt\/index.php\/wp-json\/wp\/v2\/product_cat?post=262"},{"taxonomy":"product_tag","embeddable":true,"href":"https:\/\/casadolivreiro.pt\/index.php\/wp-json\/wp\/v2\/product_tag?post=262"}],"curies":[{"name":"wp","href":"https:\/\/api.w.org\/{rel}","templated":true}]}}