{"id":2583,"date":"2025-02-25T12:40:07","date_gmt":"2025-02-25T12:40:07","guid":{"rendered":"https:\/\/casadolivreiro.pt\/?post_type=product&#038;p=2583"},"modified":"2025-02-25T12:40:07","modified_gmt":"2025-02-25T12:40:07","slug":"das-dramatische-werk-band-1-arthur-schnitzler","status":"publish","type":"product","link":"https:\/\/casadolivreiro.pt\/index.php\/product\/das-dramatische-werk-band-1-arthur-schnitzler\/","title":{"rendered":"DAS DRAMATISCHE WERK, Band 1 &#8211; Arthur Schnitzler"},"content":{"rendered":"<p>DAS DRAMATISCHE WERK, Band 1<\/p>\n<p>Arthur Schnitzler<\/p>\n<p>Ano de edi\u00e7\u00e3o: 1977<\/p>\n<p>Editor: Fischer Tachenbuch Verlag<\/p>\n<p>Idioma: Alem\u00e2o<\/p>\n<p>Dimens\u00f5es: 10.5\u00a0 x 1.7 x 18 cm<\/p>\n<p>Encaderna\u00e7\u00e3o: Capa mole<\/p>\n<p>P\u00e1ginas: 268<\/p>\n","protected":false},"excerpt":{"rendered":"<p>DAS DRAMATISCHE WERK, Band 1 Arthur Schnitzler Ano de edi\u00e7\u00e3o: 1977 Editor: Fischer Tachenbuch Verlag Idioma: Alem\u00e2o Dimens\u00f5es: 10.5\u00a0 x 1.7 x 18 cm Encaderna\u00e7\u00e3o: Capa mole P\u00e1ginas: 268<\/p>\n","protected":false},"featured_media":2584,"comment_status":"open","ping_status":"closed","template":"","meta":{"om_disable_all_campaigns":false,"_monsterinsights_skip_tracking":false,"_monsterinsights_sitenote_active":false,"_monsterinsights_sitenote_note":"","_monsterinsights_sitenote_category":0,"_uf_show_specific_survey":0,"_uf_disable_surveys":false},"product_cat":[58,62],"product_tag":[],"aioseo_notices":[],"jetpack_sharing_enabled":true,"_links":{"self":[{"href":"https:\/\/casadolivreiro.pt\/index.php\/wp-json\/wp\/v2\/product\/2583"}],"collection":[{"href":"https:\/\/casadolivreiro.pt\/index.php\/wp-json\/wp\/v2\/product"}],"about":[{"href":"https:\/\/casadolivreiro.pt\/index.php\/wp-json\/wp\/v2\/types\/product"}],"replies":[{"embeddable":true,"href":"https:\/\/casadolivreiro.pt\/index.php\/wp-json\/wp\/v2\/comments?post=2583"}],"wp:featuredmedia":[{"embeddable":true,"href":"https:\/\/casadolivreiro.pt\/index.php\/wp-json\/wp\/v2\/media\/2584"}],"wp:attachment":[{"href":"https:\/\/casadolivreiro.pt\/index.php\/wp-json\/wp\/v2\/media?parent=2583"}],"wp:term":[{"taxonomy":"product_cat","embeddable":true,"href":"https:\/\/casadolivreiro.pt\/index.php\/wp-json\/wp\/v2\/product_cat?post=2583"},{"taxonomy":"product_tag","embeddable":true,"href":"https:\/\/casadolivreiro.pt\/index.php\/wp-json\/wp\/v2\/product_tag?post=2583"}],"curies":[{"name":"wp","href":"https:\/\/api.w.org\/{rel}","templated":true}]}}

<p>DAS DRAMATISCHE WERK, Band 1</p>
<p>Arthur Schnitzler</p>
<p>Ano de edição: 1977</p>
<p>Editor: Fischer Tachenbuch Verlag</p>
<p>Idioma: Alemâo</p>
<p>Dimensões: 10.5  x 1.7 x 18 cm</p>
<p>Encadernação: Capa mole</p>
<p>Páginas: 268</p>

<p>DAS DRAMATISCHE WERK, Band 1 Arthur Schnitzler Ano de edição: 1977 Editor: Fischer Tachenbuch Verlag Idioma: Alemâo Dimensões: 10.5  x 1.7 x 18 cm Encadernação: Capa mole Páginas: 268</p>
