{"id":2581,"date":"2025-02-25T12:34:41","date_gmt":"2025-02-25T12:34:41","guid":{"rendered":"https:\/\/casadolivreiro.pt\/?post_type=product&#038;p=2581"},"modified":"2025-02-25T12:34:41","modified_gmt":"2025-02-25T12:34:41","slug":"dantons-tod-la-mort-de-danton-georg-buchner","status":"publish","type":"product","link":"https:\/\/casadolivreiro.pt\/index.php\/product\/dantons-tod-la-mort-de-danton-georg-buchner\/","title":{"rendered":"DANTONS TOD \/ LA MORT DE DANTON &#8211; Georg B\u00fcchner"},"content":{"rendered":"<p>DANTONS TOD \/ LA MORT DE DANTON<\/p>\n<p>Georg B\u00fcchner<\/p>\n<p>Ano de edi\u00e7\u00e3o: 1972<\/p>\n<p>Editor: Deutschen Tachenbuch Verlag GmbH, M\u00fcnchen<\/p>\n<p>Idioma: Alem\u00e2o \/ Franc\u00eas (Bilingue)<\/p>\n<p>Dimens\u00f5es: 10.8\u00a0 x 1.7 x 18 cm<\/p>\n<p>Encaderna\u00e7\u00e3o: Capa mole<\/p>\n<p>P\u00e1ginas: 242<\/p>\n","protected":false},"excerpt":{"rendered":"<p>DANTONS TOD \/ LA MORT DE DANTON Georg B\u00fcchner Ano de edi\u00e7\u00e3o: 1972 Editor: Deutschen Tachenbuch Verlag GmbH, M\u00fcnchen Idioma: Alem\u00e2o \/ Franc\u00eas (Bilingue) Dimens\u00f5es: 10.8\u00a0 x 1.7 x 18 cm Encaderna\u00e7\u00e3o: Capa mole P\u00e1ginas: 242<\/p>\n","protected":false},"featured_media":2582,"comment_status":"open","ping_status":"closed","template":"","meta":{"om_disable_all_campaigns":false,"_monsterinsights_skip_tracking":false,"_monsterinsights_sitenote_active":false,"_monsterinsights_sitenote_note":"","_monsterinsights_sitenote_category":0,"_uf_show_specific_survey":0,"_uf_disable_surveys":false},"product_cat":[29,45,58,56],"product_tag":[],"aioseo_notices":[],"jetpack_sharing_enabled":true,"_links":{"self":[{"href":"https:\/\/casadolivreiro.pt\/index.php\/wp-json\/wp\/v2\/product\/2581"}],"collection":[{"href":"https:\/\/casadolivreiro.pt\/index.php\/wp-json\/wp\/v2\/product"}],"about":[{"href":"https:\/\/casadolivreiro.pt\/index.php\/wp-json\/wp\/v2\/types\/product"}],"replies":[{"embeddable":true,"href":"https:\/\/casadolivreiro.pt\/index.php\/wp-json\/wp\/v2\/comments?post=2581"}],"wp:featuredmedia":[{"embeddable":true,"href":"https:\/\/casadolivreiro.pt\/index.php\/wp-json\/wp\/v2\/media\/2582"}],"wp:attachment":[{"href":"https:\/\/casadolivreiro.pt\/index.php\/wp-json\/wp\/v2\/media?parent=2581"}],"wp:term":[{"taxonomy":"product_cat","embeddable":true,"href":"https:\/\/casadolivreiro.pt\/index.php\/wp-json\/wp\/v2\/product_cat?post=2581"},{"taxonomy":"product_tag","embeddable":true,"href":"https:\/\/casadolivreiro.pt\/index.php\/wp-json\/wp\/v2\/product_tag?post=2581"}],"curies":[{"name":"wp","href":"https:\/\/api.w.org\/{rel}","templated":true}]}}