{"id":2579,"date":"2025-02-25T12:31:45","date_gmt":"2025-02-25T12:31:45","guid":{"rendered":"https:\/\/casadolivreiro.pt\/?post_type=product&#038;p=2579"},"modified":"2025-02-25T12:31:45","modified_gmt":"2025-02-25T12:31:45","slug":"das-napoleon-spiel-christoph-hein","status":"publish","type":"product","link":"https:\/\/casadolivreiro.pt\/index.php\/product\/das-napoleon-spiel-christoph-hein\/","title":{"rendered":"DAS NAPOLEON-SPIEL &#8211; Christoph Hein"},"content":{"rendered":"<p>DAS NAPOLEON-SPIEL<\/p>\n<p>Christoph Hein<\/p>\n<p>Ano de edi\u00e7\u00e3o: 2003<\/p>\n<p>Editor: Suhrkamp Verlag, Frankfurt am Main<\/p>\n<p>Idioma: Alem\u00e2o<\/p>\n<p>Dimens\u00f5es: 10.8\u00a0 x 1.2 x 17.8 cm<\/p>\n<p>Encaderna\u00e7\u00e3o: Capa mole<\/p>\n<p>P\u00e1ginas: 190<\/p>\n","protected":false},"excerpt":{"rendered":"<p>DAS NAPOLEON-SPIEL Christoph Hein Ano de edi\u00e7\u00e3o: 2003 Editor: Suhrkamp Verlag, Frankfurt am Main Idioma: Alem\u00e2o Dimens\u00f5es: 10.8\u00a0 x 1.2 x 17.8 cm Encaderna\u00e7\u00e3o: Capa mole P\u00e1ginas: 190<\/p>\n","protected":false},"featured_media":2580,"comment_status":"open","ping_status":"closed","template":"","meta":{"om_disable_all_campaigns":false,"_monsterinsights_skip_tracking":false,"_monsterinsights_sitenote_active":false,"_monsterinsights_sitenote_note":"","_monsterinsights_sitenote_category":0,"_uf_show_specific_survey":0,"_uf_disable_surveys":false},"product_cat":[58,37],"product_tag":[],"aioseo_notices":[],"jetpack_sharing_enabled":true,"_links":{"self":[{"href":"https:\/\/casadolivreiro.pt\/index.php\/wp-json\/wp\/v2\/product\/2579"}],"collection":[{"href":"https:\/\/casadolivreiro.pt\/index.php\/wp-json\/wp\/v2\/product"}],"about":[{"href":"https:\/\/casadolivreiro.pt\/index.php\/wp-json\/wp\/v2\/types\/product"}],"replies":[{"embeddable":true,"href":"https:\/\/casadolivreiro.pt\/index.php\/wp-json\/wp\/v2\/comments?post=2579"}],"wp:featuredmedia":[{"embeddable":true,"href":"https:\/\/casadolivreiro.pt\/index.php\/wp-json\/wp\/v2\/media\/2580"}],"wp:attachment":[{"href":"https:\/\/casadolivreiro.pt\/index.php\/wp-json\/wp\/v2\/media?parent=2579"}],"wp:term":[{"taxonomy":"product_cat","embeddable":true,"href":"https:\/\/casadolivreiro.pt\/index.php\/wp-json\/wp\/v2\/product_cat?post=2579"},{"taxonomy":"product_tag","embeddable":true,"href":"https:\/\/casadolivreiro.pt\/index.php\/wp-json\/wp\/v2\/product_tag?post=2579"}],"curies":[{"name":"wp","href":"https:\/\/api.w.org\/{rel}","templated":true}]}}