{"id":2577,"date":"2025-02-25T12:28:13","date_gmt":"2025-02-25T12:28:13","guid":{"rendered":"https:\/\/casadolivreiro.pt\/?post_type=product&#038;p=2577"},"modified":"2025-02-25T12:28:14","modified_gmt":"2025-02-25T12:28:14","slug":"annalen-der-deutschen-sprache-hugo-moser","status":"publish","type":"product","link":"https:\/\/casadolivreiro.pt\/index.php\/product\/annalen-der-deutschen-sprache-hugo-moser\/","title":{"rendered":"ANNALEN DER DEUTSCHEN SPRACHE &#8211; Hugo Moser"},"content":{"rendered":"<p>ANNALEN DER DEUTSCHEN SPRACHE<\/p>\n<p>Hugo Moser<\/p>\n<p>Ano de edi\u00e7\u00e3o: 1968<\/p>\n<p>Editor: J.B. Metzlersche Verlagsbuchhandlung, Stuttgart<\/p>\n<p>Idioma: Alem\u00e2o<\/p>\n<p>Dimens\u00f5es: 11.7\u00a0 x 0.7 x 19 cm<\/p>\n<p>Encaderna\u00e7\u00e3o: Capa mole<\/p>\n<p>P\u00e1ginas: 80<\/p>\n","protected":false},"excerpt":{"rendered":"<p>ANNALEN DER DEUTSCHEN SPRACHE Hugo Moser Ano de edi\u00e7\u00e3o: 1968 Editor: J.B. Metzlersche Verlagsbuchhandlung, Stuttgart Idioma: Alem\u00e2o Dimens\u00f5es: 11.7\u00a0 x 0.7 x 19 cm Encaderna\u00e7\u00e3o: Capa mole P\u00e1ginas: 80<\/p>\n","protected":false},"featured_media":2578,"comment_status":"open","ping_status":"closed","template":"","meta":{"om_disable_all_campaigns":false,"_monsterinsights_skip_tracking":false,"_monsterinsights_sitenote_active":false,"_monsterinsights_sitenote_note":"","_monsterinsights_sitenote_category":0,"_uf_show_specific_survey":0,"_uf_disable_surveys":false},"product_cat":[47,45,58],"product_tag":[],"aioseo_notices":[],"jetpack_sharing_enabled":true,"_links":{"self":[{"href":"https:\/\/casadolivreiro.pt\/index.php\/wp-json\/wp\/v2\/product\/2577"}],"collection":[{"href":"https:\/\/casadolivreiro.pt\/index.php\/wp-json\/wp\/v2\/product"}],"about":[{"href":"https:\/\/casadolivreiro.pt\/index.php\/wp-json\/wp\/v2\/types\/product"}],"replies":[{"embeddable":true,"href":"https:\/\/casadolivreiro.pt\/index.php\/wp-json\/wp\/v2\/comments?post=2577"}],"wp:featuredmedia":[{"embeddable":true,"href":"https:\/\/casadolivreiro.pt\/index.php\/wp-json\/wp\/v2\/media\/2578"}],"wp:attachment":[{"href":"https:\/\/casadolivreiro.pt\/index.php\/wp-json\/wp\/v2\/media?parent=2577"}],"wp:term":[{"taxonomy":"product_cat","embeddable":true,"href":"https:\/\/casadolivreiro.pt\/index.php\/wp-json\/wp\/v2\/product_cat?post=2577"},{"taxonomy":"product_tag","embeddable":true,"href":"https:\/\/casadolivreiro.pt\/index.php\/wp-json\/wp\/v2\/product_tag?post=2577"}],"curies":[{"name":"wp","href":"https:\/\/api.w.org\/{rel}","templated":true}]}}