{"id":2575,"date":"2025-02-25T12:24:33","date_gmt":"2025-02-25T12:24:33","guid":{"rendered":"https:\/\/casadolivreiro.pt\/?post_type=product&#038;p=2575"},"modified":"2025-02-25T22:06:14","modified_gmt":"2025-02-25T22:06:14","slug":"la-paz-de-los-sepulcros-jorge-volpi","status":"publish","type":"product","link":"https:\/\/casadolivreiro.pt\/index.php\/product\/la-paz-de-los-sepulcros-jorge-volpi\/","title":{"rendered":"LA PAZ DE LOS SEPULCROS -Jorge Volpi"},"content":{"rendered":"<p>LA PAZ DE LOS SEPULCROS<\/p>\n<p>Jorge Volpi<\/p>\n<p>ISBN: 978-607-315-017-0<\/p>\n<p>Ano de edi\u00e7\u00e3o: 2007 (Primeira Edi\u00e7\u00e3o)<\/p>\n<p>Editor: Pengfuin Random House Grupo Editorial<\/p>\n<p>Idioma: Espanhol<\/p>\n<p>Dimens\u00f5es: 12.5\u00a0 x 1.2 x 19 cm<\/p>\n<p>Encaderna\u00e7\u00e3o: Capa mole<\/p>\n<p>P\u00e1ginas: 180<\/p>\n","protected":false},"excerpt":{"rendered":"<p>LA PAZ DE LOS SEPULCROS Jorge Volpi ISBN: 978-607-315-017-0 Ano de edi\u00e7\u00e3o: 2007 (Primeira Edi\u00e7\u00e3o) Editor: Pengfuin Random House Grupo Editorial Idioma: Espanhol Dimens\u00f5es: 12.5\u00a0 x 1.2 x 19 cm Encaderna\u00e7\u00e3o: Capa mole P\u00e1ginas: 180<\/p>\n","protected":false},"featured_media":2620,"comment_status":"open","ping_status":"closed","template":"","meta":{"om_disable_all_campaigns":false,"_monsterinsights_skip_tracking":false,"_monsterinsights_sitenote_active":false,"_monsterinsights_sitenote_note":"","_monsterinsights_sitenote_category":0,"_uf_show_specific_survey":0,"_uf_disable_surveys":false},"product_cat":[57,62,37],"product_tag":[],"aioseo_notices":[],"jetpack_sharing_enabled":true,"_links":{"self":[{"href":"https:\/\/casadolivreiro.pt\/index.php\/wp-json\/wp\/v2\/product\/2575"}],"collection":[{"href":"https:\/\/casadolivreiro.pt\/index.php\/wp-json\/wp\/v2\/product"}],"about":[{"href":"https:\/\/casadolivreiro.pt\/index.php\/wp-json\/wp\/v2\/types\/product"}],"replies":[{"embeddable":true,"href":"https:\/\/casadolivreiro.pt\/index.php\/wp-json\/wp\/v2\/comments?post=2575"}],"wp:featuredmedia":[{"embeddable":true,"href":"https:\/\/casadolivreiro.pt\/index.php\/wp-json\/wp\/v2\/media\/2620"}],"wp:attachment":[{"href":"https:\/\/casadolivreiro.pt\/index.php\/wp-json\/wp\/v2\/media?parent=2575"}],"wp:term":[{"taxonomy":"product_cat","embeddable":true,"href":"https:\/\/casadolivreiro.pt\/index.php\/wp-json\/wp\/v2\/product_cat?post=2575"},{"taxonomy":"product_tag","embeddable":true,"href":"https:\/\/casadolivreiro.pt\/index.php\/wp-json\/wp\/v2\/product_tag?post=2575"}],"curies":[{"name":"wp","href":"https:\/\/api.w.org\/{rel}","templated":true}]}}