{"id":257,"date":"2024-03-07T16:37:55","date_gmt":"2024-03-07T16:37:55","guid":{"rendered":"https:\/\/casadolivreiro.pt\/?post_type=product&#038;p=257"},"modified":"2024-03-07T16:37:55","modified_gmt":"2024-03-07T16:37:55","slug":"estamos-no-vento-fernando-namora","status":"publish","type":"product","link":"https:\/\/casadolivreiro.pt\/index.php\/product\/estamos-no-vento-fernando-namora\/","title":{"rendered":"ESTAMOS NO VENTO  &#8211; Fernando Namora"},"content":{"rendered":"<p>ESTAMOS NO VENTO<br \/>\nFernando Namora<br \/>\nPrimeira edi\u00e7\u00e3o<br \/>\nEditor:\u00a0 Livraria Bertrand<br \/>\nData de Lan\u00e7amento:\u00a0 1974<br \/>\nIdioma:\u00a0 Portugu\u00eas<br \/>\nDimens\u00f5es: 14,5 x 1.8 x \u00a021 cm<br \/>\nEncaderna\u00e7\u00e3o: Capa mole<br \/>\nP\u00e1ginas: 290<\/p>\n<p>Narrativa liter\u00e1rio-sociol\u00f3gica<\/p>\n<p>&#8220;Que sabem os citadinos do que vai mudando nos antigos degredos do seu pa\u00eds. Dos camp\u00f3nios de h\u00e1 anos atr\u00e1s, da sociedade feudal a que aportei h\u00e1 tr\u00eas d\u00e9cadas, que resta. O cen\u00e1rio, este peso f\u00edsico. As penedas, os barrocais, os avej\u00f5es silentes, os velhos agonizando \u00e0s portas. Os monsantinos de hoje s\u00e3o franceses, alem\u00e3es, lisboetas, canadianos, de l\u00e1 trazem os costumes que est\u00e3o a enterrar os herdados mas antes de aqueles lhe terem entrado na alma. Uma noite por outra ainda ou\u00e7o no meu quintal o eco b\u00e1rbaro dos adufes, que as ultimas velhas de Monsanto fazem soar, mas este povo deixou de criar uma dan\u00e7a, uma can\u00e7\u00e3o. O que cantam, o que dan\u00e7am \u00e9 o que ouvem e v\u00eaem na TV. Perdem as ra\u00edzes mas ainda n\u00e3o tomaram consci\u00eancia das asas. No entanto, n\u00e3o se resignaram nem abdicaram, e isso, para j\u00e1, \u00e9 o que importa.\u201d Fernando Namora<\/p>\n","protected":false},"excerpt":{"rendered":"<p>ESTAMOS NO VENTO Fernando Namora Primeira edi\u00e7\u00e3o Editor:\u00a0 Livraria Bertrand Data de Lan\u00e7amento:\u00a0 1974 Idioma:\u00a0 Portugu\u00eas Dimens\u00f5es: 14,5 x 1.8 x \u00a021 cm Encaderna\u00e7\u00e3o: Capa mole P\u00e1ginas: 290 Narrativa liter\u00e1rio-sociol\u00f3gica &#8220;Que sabem os citadinos do que vai mudando nos antigos degredos do seu pa\u00eds. Dos camp\u00f3nios de h\u00e1 anos atr\u00e1s, da sociedade feudal a que [&hellip;]<\/p>\n","protected":false},"featured_media":259,"comment_status":"open","ping_status":"closed","template":"","meta":{"om_disable_all_campaigns":false,"_monsterinsights_skip_tracking":false,"_monsterinsights_sitenote_active":false,"_monsterinsights_sitenote_note":"","_monsterinsights_sitenote_category":0,"_uf_show_specific_survey":0,"_uf_disable_surveys":false},"product_cat":[25,62,61],"product_tag":[],"aioseo_notices":[],"jetpack_sharing_enabled":true,"_links":{"self":[{"href":"https:\/\/casadolivreiro.pt\/index.php\/wp-json\/wp\/v2\/product\/257"}],"collection":[{"href":"https:\/\/casadolivreiro.pt\/index.php\/wp-json\/wp\/v2\/product"}],"about":[{"href":"https:\/\/casadolivreiro.pt\/index.php\/wp-json\/wp\/v2\/types\/product"}],"replies":[{"embeddable":true,"href":"https:\/\/casadolivreiro.pt\/index.php\/wp-json\/wp\/v2\/comments?post=257"}],"wp:featuredmedia":[{"embeddable":true,"href":"https:\/\/casadolivreiro.pt\/index.php\/wp-json\/wp\/v2\/media\/259"}],"wp:attachment":[{"href":"https:\/\/casadolivreiro.pt\/index.php\/wp-json\/wp\/v2\/media?parent=257"}],"wp:term":[{"taxonomy":"product_cat","embeddable":true,"href":"https:\/\/casadolivreiro.pt\/index.php\/wp-json\/wp\/v2\/product_cat?post=257"},{"taxonomy":"product_tag","embeddable":true,"href":"https:\/\/casadolivreiro.pt\/index.php\/wp-json\/wp\/v2\/product_tag?post=257"}],"curies":[{"name":"wp","href":"https:\/\/api.w.org\/{rel}","templated":true}]}}