{"id":2537,"date":"2025-02-21T19:39:46","date_gmt":"2025-02-21T19:39:46","guid":{"rendered":"https:\/\/casadolivreiro.pt\/?post_type=product&#038;p=2537"},"modified":"2025-02-21T19:39:46","modified_gmt":"2025-02-21T19:39:46","slug":"a-casa-das-sete-empenas-nathaniel-hawthorne","status":"publish","type":"product","link":"https:\/\/casadolivreiro.pt\/index.php\/product\/a-casa-das-sete-empenas-nathaniel-hawthorne\/","title":{"rendered":"A CASA DAS SETE EMPENAS &#8211; Nathaniel Hawthorne"},"content":{"rendered":"<p>A CASA DAS SETE EMPENAS &#8211; Nathaniel Hawthorne<br \/>\nTradu\u00e7\u00e3o de Nelson Rodrigues<\/p>\n<p>Ano de edi\u00e7\u00e3o: 1967<\/p>\n<p>Editor: Portugalia Editora<\/p>\n<p>Idioma: Portugu\u00eas<\/p>\n<p>Dimens\u00f5es: 12.5 x 3 x x 19cm<\/p>\n<p>Encaderna\u00e7\u00e3o: Capa mole<\/p>\n<p>P\u00e1ginas: 370<\/p>\n","protected":false},"excerpt":{"rendered":"<p>A CASA DAS SETE EMPENAS &#8211; Nathaniel Hawthorne Tradu\u00e7\u00e3o de Nelson Rodrigues Ano de edi\u00e7\u00e3o: 1967 Editor: Portugalia Editora Idioma: Portugu\u00eas Dimens\u00f5es: 12.5 x 3 x x 19cm Encaderna\u00e7\u00e3o: Capa mole P\u00e1ginas: 370<\/p>\n","protected":false},"featured_media":2538,"comment_status":"open","ping_status":"closed","template":"","meta":{"om_disable_all_campaigns":false,"_monsterinsights_skip_tracking":false,"_monsterinsights_sitenote_active":false,"_monsterinsights_sitenote_note":"","_monsterinsights_sitenote_category":0,"_uf_show_specific_survey":0,"_uf_disable_surveys":false},"product_cat":[26,37],"product_tag":[],"aioseo_notices":[],"jetpack_sharing_enabled":true,"_links":{"self":[{"href":"https:\/\/casadolivreiro.pt\/index.php\/wp-json\/wp\/v2\/product\/2537"}],"collection":[{"href":"https:\/\/casadolivreiro.pt\/index.php\/wp-json\/wp\/v2\/product"}],"about":[{"href":"https:\/\/casadolivreiro.pt\/index.php\/wp-json\/wp\/v2\/types\/product"}],"replies":[{"embeddable":true,"href":"https:\/\/casadolivreiro.pt\/index.php\/wp-json\/wp\/v2\/comments?post=2537"}],"wp:featuredmedia":[{"embeddable":true,"href":"https:\/\/casadolivreiro.pt\/index.php\/wp-json\/wp\/v2\/media\/2538"}],"wp:attachment":[{"href":"https:\/\/casadolivreiro.pt\/index.php\/wp-json\/wp\/v2\/media?parent=2537"}],"wp:term":[{"taxonomy":"product_cat","embeddable":true,"href":"https:\/\/casadolivreiro.pt\/index.php\/wp-json\/wp\/v2\/product_cat?post=2537"},{"taxonomy":"product_tag","embeddable":true,"href":"https:\/\/casadolivreiro.pt\/index.php\/wp-json\/wp\/v2\/product_tag?post=2537"}],"curies":[{"name":"wp","href":"https:\/\/api.w.org\/{rel}","templated":true}]}}