{"id":2431,"date":"2024-04-18T16:36:46","date_gmt":"2024-04-18T16:36:46","guid":{"rendered":"https:\/\/casadolivreiro.pt\/?post_type=product&#038;p=2431"},"modified":"2024-04-18T16:36:46","modified_gmt":"2024-04-18T16:36:46","slug":"petite-histoire-romaine-par-victor-duruy-nouvelle-edition-avec-des-gravures-et-des-cartas","status":"publish","type":"product","link":"https:\/\/casadolivreiro.pt\/index.php\/product\/petite-histoire-romaine-par-victor-duruy-nouvelle-edition-avec-des-gravures-et-des-cartas\/","title":{"rendered":"PETITE HISTOIRE ROMAINE par Victor Duruy Nouvelle edition avec des gravures et des cartas"},"content":{"rendered":"<p>PETITE HISTOIRE ROMAINE par Victor Duruy<br \/>\nNouvelle edition avec des gravures et des cartas<br \/>\nAno de edi\u00e7\u00e3o: 1885<br \/>\nEditor:\u00a0 Librairie Hachette et C\u00aa, Paris<br \/>\nIdioma: Franc\u00eas<br \/>\nDimens\u00f5es: 11.3\u00a0 x 1.4 x 18 cm<br \/>\nEncaderna\u00e7\u00e3o: Capa dura<br \/>\nP\u00e1ginas: 240<\/p>\n","protected":false},"excerpt":{"rendered":"<p>PETITE HISTOIRE ROMAINE par Victor Duruy Nouvelle edition avec des gravures et des cartas Ano de edi\u00e7\u00e3o: 1885 Editor:\u00a0 Librairie Hachette et C\u00aa, Paris Idioma: Franc\u00eas Dimens\u00f5es: 11.3\u00a0 x 1.4 x 18 cm Encaderna\u00e7\u00e3o: Capa dura P\u00e1ginas: 240<\/p>\n","protected":false},"featured_media":2432,"comment_status":"open","ping_status":"closed","template":"","meta":{"om_disable_all_campaigns":false,"_monsterinsights_skip_tracking":false,"_monsterinsights_sitenote_active":false,"_monsterinsights_sitenote_note":"","_monsterinsights_sitenote_category":0,"_uf_show_specific_survey":0,"_uf_disable_surveys":false},"product_cat":[30,60,56,54],"product_tag":[],"aioseo_notices":[],"jetpack_sharing_enabled":true,"_links":{"self":[{"href":"https:\/\/casadolivreiro.pt\/index.php\/wp-json\/wp\/v2\/product\/2431"}],"collection":[{"href":"https:\/\/casadolivreiro.pt\/index.php\/wp-json\/wp\/v2\/product"}],"about":[{"href":"https:\/\/casadolivreiro.pt\/index.php\/wp-json\/wp\/v2\/types\/product"}],"replies":[{"embeddable":true,"href":"https:\/\/casadolivreiro.pt\/index.php\/wp-json\/wp\/v2\/comments?post=2431"}],"wp:featuredmedia":[{"embeddable":true,"href":"https:\/\/casadolivreiro.pt\/index.php\/wp-json\/wp\/v2\/media\/2432"}],"wp:attachment":[{"href":"https:\/\/casadolivreiro.pt\/index.php\/wp-json\/wp\/v2\/media?parent=2431"}],"wp:term":[{"taxonomy":"product_cat","embeddable":true,"href":"https:\/\/casadolivreiro.pt\/index.php\/wp-json\/wp\/v2\/product_cat?post=2431"},{"taxonomy":"product_tag","embeddable":true,"href":"https:\/\/casadolivreiro.pt\/index.php\/wp-json\/wp\/v2\/product_tag?post=2431"}],"curies":[{"name":"wp","href":"https:\/\/api.w.org\/{rel}","templated":true}]}}