{"id":242,"date":"2024-03-06T18:39:24","date_gmt":"2024-03-06T18:39:24","guid":{"rendered":"https:\/\/casadolivreiro.pt\/?post_type=product&#038;p=242"},"modified":"2024-03-06T18:39:25","modified_gmt":"2024-03-06T18:39:25","slug":"bulletin-de-la-societe-prehistorique-francaise-t-xlviii-no-11-12-nov-decembre-1951","status":"publish","type":"product","link":"https:\/\/casadolivreiro.pt\/index.php\/product\/bulletin-de-la-societe-prehistorique-francaise-t-xlviii-no-11-12-nov-decembre-1951\/","title":{"rendered":"BULLETIN de la SOCI\u00c9TE PR\u00c9HISTORIQUE FRANCAISE T XLVIII No. 11-12,   Nov. \u2013 D\u00e9cembre 1951"},"content":{"rendered":"<p>BULLETIN de la SOCI\u00c9TE PR\u00c9HISTORIQUE FRANCAISE T XLVIII No. 11-12, Nov. \u2013 D\u00e9cembre 1951<br \/>\nEditor: SOCI\u00c9TE PR\u00c9HISTORIQUE FRANCAISE<br \/>\nData de Lan\u00e7amento:\u00a0 1951<br \/>\nIdioma:\u00a0 Franc\u00eas<br \/>\nDimens\u00f5es:\u00a0 \u00a016 x 0.4 x 24cm<br \/>\nEncaderna\u00e7\u00e3o: Capa mole<br \/>\nP\u00e1ginas:\u00a0 95 (pages 481 \u2013 576)<\/p>\n","protected":false},"excerpt":{"rendered":"<p>BULLETIN de la SOCI\u00c9TE PR\u00c9HISTORIQUE FRANCAISE T XLVIII No. 11-12, Nov. \u2013 D\u00e9cembre 1951 Editor: SOCI\u00c9TE PR\u00c9HISTORIQUE FRANCAISE Data de Lan\u00e7amento:\u00a0 1951 Idioma:\u00a0 Franc\u00eas Dimens\u00f5es:\u00a0 \u00a016 x 0.4 x 24cm Encaderna\u00e7\u00e3o: Capa mole P\u00e1ginas:\u00a0 95 (pages 481 \u2013 576)<\/p>\n","protected":false},"featured_media":243,"comment_status":"open","ping_status":"closed","template":"","meta":{"om_disable_all_campaigns":false,"_monsterinsights_skip_tracking":false,"_monsterinsights_sitenote_active":false,"_monsterinsights_sitenote_note":"","_monsterinsights_sitenote_category":0,"_uf_show_specific_survey":0,"_uf_disable_surveys":false},"product_cat":[31,56,62,65],"product_tag":[],"aioseo_notices":[],"jetpack_sharing_enabled":true,"_links":{"self":[{"href":"https:\/\/casadolivreiro.pt\/index.php\/wp-json\/wp\/v2\/product\/242"}],"collection":[{"href":"https:\/\/casadolivreiro.pt\/index.php\/wp-json\/wp\/v2\/product"}],"about":[{"href":"https:\/\/casadolivreiro.pt\/index.php\/wp-json\/wp\/v2\/types\/product"}],"replies":[{"embeddable":true,"href":"https:\/\/casadolivreiro.pt\/index.php\/wp-json\/wp\/v2\/comments?post=242"}],"wp:featuredmedia":[{"embeddable":true,"href":"https:\/\/casadolivreiro.pt\/index.php\/wp-json\/wp\/v2\/media\/243"}],"wp:attachment":[{"href":"https:\/\/casadolivreiro.pt\/index.php\/wp-json\/wp\/v2\/media?parent=242"}],"wp:term":[{"taxonomy":"product_cat","embeddable":true,"href":"https:\/\/casadolivreiro.pt\/index.php\/wp-json\/wp\/v2\/product_cat?post=242"},{"taxonomy":"product_tag","embeddable":true,"href":"https:\/\/casadolivreiro.pt\/index.php\/wp-json\/wp\/v2\/product_tag?post=242"}],"curies":[{"name":"wp","href":"https:\/\/api.w.org\/{rel}","templated":true}]}}