{"id":2344,"date":"2024-04-13T00:39:02","date_gmt":"2024-04-13T00:39:02","guid":{"rendered":"https:\/\/casadolivreiro.pt\/?post_type=product&#038;p=2344"},"modified":"2024-04-13T00:40:25","modified_gmt":"2024-04-13T00:40:25","slug":"fitas-e-franjas-domingos-mascarenhas","status":"publish","type":"product","link":"https:\/\/casadolivreiro.pt\/index.php\/product\/fitas-e-franjas-domingos-mascarenhas\/","title":{"rendered":"FITAS E FRANJAS &#8211; Domingos Mascarenhas"},"content":{"rendered":"<p>FITAS E FRANJAS<br \/>\nDomingos Mascarenhas<br \/>\nColec\u00e7\u00e3o: Cinema e Teatro<br \/>\nAno de edi\u00e7\u00e3o: 1948<br \/>\nEditor: Edi\u00e7\u00f5es Gama, Lisboa<br \/>\nIdioma: Portugu\u00eas<br \/>\nDimens\u00f5es: 12\u00a0 x 3 x 19.3 cm<br \/>\nEncaderna\u00e7\u00e3o: Capa dura<br \/>\nP\u00e1ginas: 298<\/p>\n","protected":false},"excerpt":{"rendered":"<p>FITAS E FRANJAS Domingos Mascarenhas Colec\u00e7\u00e3o: Cinema e Teatro Ano de edi\u00e7\u00e3o: 1948 Editor: Edi\u00e7\u00f5es Gama, Lisboa Idioma: Portugu\u00eas Dimens\u00f5es: 12\u00a0 x 3 x 19.3 cm Encaderna\u00e7\u00e3o: Capa dura P\u00e1ginas: 298<\/p>\n","protected":false},"featured_media":2345,"comment_status":"open","ping_status":"closed","template":"","meta":{"om_disable_all_campaigns":false,"_monsterinsights_skip_tracking":false,"_monsterinsights_sitenote_active":false,"_monsterinsights_sitenote_note":"","_monsterinsights_sitenote_category":0,"_uf_show_specific_survey":0,"_uf_disable_surveys":false},"product_cat":[37],"product_tag":[],"aioseo_notices":[],"jetpack_sharing_enabled":true,"_links":{"self":[{"href":"https:\/\/casadolivreiro.pt\/index.php\/wp-json\/wp\/v2\/product\/2344"}],"collection":[{"href":"https:\/\/casadolivreiro.pt\/index.php\/wp-json\/wp\/v2\/product"}],"about":[{"href":"https:\/\/casadolivreiro.pt\/index.php\/wp-json\/wp\/v2\/types\/product"}],"replies":[{"embeddable":true,"href":"https:\/\/casadolivreiro.pt\/index.php\/wp-json\/wp\/v2\/comments?post=2344"}],"wp:featuredmedia":[{"embeddable":true,"href":"https:\/\/casadolivreiro.pt\/index.php\/wp-json\/wp\/v2\/media\/2345"}],"wp:attachment":[{"href":"https:\/\/casadolivreiro.pt\/index.php\/wp-json\/wp\/v2\/media?parent=2344"}],"wp:term":[{"taxonomy":"product_cat","embeddable":true,"href":"https:\/\/casadolivreiro.pt\/index.php\/wp-json\/wp\/v2\/product_cat?post=2344"},{"taxonomy":"product_tag","embeddable":true,"href":"https:\/\/casadolivreiro.pt\/index.php\/wp-json\/wp\/v2\/product_tag?post=2344"}],"curies":[{"name":"wp","href":"https:\/\/api.w.org\/{rel}","templated":true}]}}