{"id":233,"date":"2024-03-06T18:01:25","date_gmt":"2024-03-06T18:01:25","guid":{"rendered":"https:\/\/casadolivreiro.pt\/?post_type=product&#038;p=233"},"modified":"2024-03-06T18:01:25","modified_gmt":"2024-03-06T18:01:25","slug":"enciclopedia-pratica-verbo-da-medicina-vol-8","status":"publish","type":"product","link":"https:\/\/casadolivreiro.pt\/index.php\/product\/enciclopedia-pratica-verbo-da-medicina-vol-8\/","title":{"rendered":"Enciclop\u00e9dia pratica VERBO  da medicina  (Vol. 8)"},"content":{"rendered":"<p>Enciclop\u00e9dia pratica VERBO da medicina (Vol. 8)<br \/>\nEditor: Editorial Verbo, Lisboa<br \/>\nData de Lan\u00e7amento:\u00a0 1977<br \/>\nIdioma:\u00a0 Portugu\u00eas<br \/>\nDimens\u00f5es:\u00a0\u00a0 17.7 x 4.0 x 20.8cm<br \/>\nEncaderna\u00e7\u00e3o: Capa dura<br \/>\nP\u00e1ginas: 515<\/p>\n","protected":false},"excerpt":{"rendered":"<p>Enciclop\u00e9dia pratica VERBO da medicina (Vol. 8) Editor: Editorial Verbo, Lisboa Data de Lan\u00e7amento:\u00a0 1977 Idioma:\u00a0 Portugu\u00eas Dimens\u00f5es:\u00a0\u00a0 17.7 x 4.0 x 20.8cm Encaderna\u00e7\u00e3o: Capa dura P\u00e1ginas: 515<\/p>\n","protected":false},"featured_media":234,"comment_status":"open","ping_status":"closed","template":"","meta":{"om_disable_all_campaigns":false,"_monsterinsights_skip_tracking":false,"_monsterinsights_sitenote_active":false,"_monsterinsights_sitenote_note":"","_monsterinsights_sitenote_category":0,"_uf_show_specific_survey":0,"_uf_disable_surveys":false},"product_cat":[32,46,43,62],"product_tag":[],"aioseo_notices":[],"jetpack_sharing_enabled":true,"_links":{"self":[{"href":"https:\/\/casadolivreiro.pt\/index.php\/wp-json\/wp\/v2\/product\/233"}],"collection":[{"href":"https:\/\/casadolivreiro.pt\/index.php\/wp-json\/wp\/v2\/product"}],"about":[{"href":"https:\/\/casadolivreiro.pt\/index.php\/wp-json\/wp\/v2\/types\/product"}],"replies":[{"embeddable":true,"href":"https:\/\/casadolivreiro.pt\/index.php\/wp-json\/wp\/v2\/comments?post=233"}],"wp:featuredmedia":[{"embeddable":true,"href":"https:\/\/casadolivreiro.pt\/index.php\/wp-json\/wp\/v2\/media\/234"}],"wp:attachment":[{"href":"https:\/\/casadolivreiro.pt\/index.php\/wp-json\/wp\/v2\/media?parent=233"}],"wp:term":[{"taxonomy":"product_cat","embeddable":true,"href":"https:\/\/casadolivreiro.pt\/index.php\/wp-json\/wp\/v2\/product_cat?post=233"},{"taxonomy":"product_tag","embeddable":true,"href":"https:\/\/casadolivreiro.pt\/index.php\/wp-json\/wp\/v2\/product_tag?post=233"}],"curies":[{"name":"wp","href":"https:\/\/api.w.org\/{rel}","templated":true}]}}