{"id":2320,"date":"2024-04-12T23:44:31","date_gmt":"2024-04-12T23:44:31","guid":{"rendered":"https:\/\/casadolivreiro.pt\/?post_type=product&#038;p=2320"},"modified":"2024-04-12T23:44:31","modified_gmt":"2024-04-12T23:44:31","slug":"au-dela-du-fleuve-et-sous-les-arbres-ernest-hemingway","status":"publish","type":"product","link":"https:\/\/casadolivreiro.pt\/index.php\/product\/au-dela-du-fleuve-et-sous-les-arbres-ernest-hemingway\/","title":{"rendered":"AU-DEL\u00c0 DU FLEUVE ET SOUS LES ARBRES &#8211; Ernest Hemingway"},"content":{"rendered":"<p>AU-DEL\u00c0 DU FLEUVE ET SOUS LES ARBRES<br \/>\nErnest Hemingway<br \/>\nTraduit de l\u2019anglais par Paule de Beaumont<br \/>\nAno de edi\u00e7\u00e3o: 1965<br \/>\nEditor: \u00c9ditions Gallimard, Paris<br \/>\nIdioma: Franc\u00eas<br \/>\nDimens\u00f5es: 14\u00a0 x 1.8 x 20.5 cm<br \/>\nEncaderna\u00e7\u00e3o: Capa mole<br \/>\nP\u00e1ginas: 254<\/p>\n","protected":false},"excerpt":{"rendered":"<p>AU-DEL\u00c0 DU FLEUVE ET SOUS LES ARBRES Ernest Hemingway Traduit de l\u2019anglais par Paule de Beaumont Ano de edi\u00e7\u00e3o: 1965 Editor: \u00c9ditions Gallimard, Paris Idioma: Franc\u00eas Dimens\u00f5es: 14\u00a0 x 1.8 x 20.5 cm Encaderna\u00e7\u00e3o: Capa mole P\u00e1ginas: 254<\/p>\n","protected":false},"featured_media":2321,"comment_status":"open","ping_status":"closed","template":"","meta":{"om_disable_all_campaigns":false,"_monsterinsights_skip_tracking":false,"_monsterinsights_sitenote_active":false,"_monsterinsights_sitenote_note":"","_monsterinsights_sitenote_category":0,"_uf_show_specific_survey":0,"_uf_disable_surveys":false},"product_cat":[26,56],"product_tag":[],"aioseo_notices":[],"jetpack_sharing_enabled":true,"_links":{"self":[{"href":"https:\/\/casadolivreiro.pt\/index.php\/wp-json\/wp\/v2\/product\/2320"}],"collection":[{"href":"https:\/\/casadolivreiro.pt\/index.php\/wp-json\/wp\/v2\/product"}],"about":[{"href":"https:\/\/casadolivreiro.pt\/index.php\/wp-json\/wp\/v2\/types\/product"}],"replies":[{"embeddable":true,"href":"https:\/\/casadolivreiro.pt\/index.php\/wp-json\/wp\/v2\/comments?post=2320"}],"wp:featuredmedia":[{"embeddable":true,"href":"https:\/\/casadolivreiro.pt\/index.php\/wp-json\/wp\/v2\/media\/2321"}],"wp:attachment":[{"href":"https:\/\/casadolivreiro.pt\/index.php\/wp-json\/wp\/v2\/media?parent=2320"}],"wp:term":[{"taxonomy":"product_cat","embeddable":true,"href":"https:\/\/casadolivreiro.pt\/index.php\/wp-json\/wp\/v2\/product_cat?post=2320"},{"taxonomy":"product_tag","embeddable":true,"href":"https:\/\/casadolivreiro.pt\/index.php\/wp-json\/wp\/v2\/product_tag?post=2320"}],"curies":[{"name":"wp","href":"https:\/\/api.w.org\/{rel}","templated":true}]}}