{"id":2303,"date":"2024-04-12T23:03:23","date_gmt":"2024-04-12T23:03:23","guid":{"rendered":"https:\/\/casadolivreiro.pt\/?post_type=product&#038;p=2303"},"modified":"2026-01-11T16:40:28","modified_gmt":"2026-01-11T16:40:28","slug":"a-exilada-m-delly","status":"publish","type":"product","link":"https:\/\/casadolivreiro.pt\/index.php\/product\/a-exilada-m-delly\/","title":{"rendered":"A EXILADA &#8211; M. Delly"},"content":{"rendered":"<p>A EXILADA<br \/>\nM. Delly<br \/>\nBiblioteca Das Fam\u00edlia<br \/>\nAno de edi\u00e7\u00e3o: 1937<br \/>\nEditor: Editora A. Figueirinhas, Lda. Porto<br \/>\nIdioma: Portugu\u00eas<br \/>\nDimens\u00f5es: 12\u00a0 x 1.9 x 19 cm<br \/>\nEncaderna\u00e7\u00e3o: Capa mole<br \/>\nP\u00e1ginas: 285<\/p>\n","protected":false},"excerpt":{"rendered":"<p>A EXILADA M. Delly Biblioteca Das Fam\u00edlia Ano de edi\u00e7\u00e3o: 1937 Editor: Editora A. Figueirinhas, Lda. Porto Idioma: Portugu\u00eas Dimens\u00f5es: 12\u00a0 x 1.9 x 19 cm Encaderna\u00e7\u00e3o: Capa mole P\u00e1ginas: 285<\/p>\n","protected":false},"featured_media":2304,"comment_status":"open","ping_status":"closed","template":"","meta":{"om_disable_all_campaigns":false,"_monsterinsights_skip_tracking":false,"_monsterinsights_sitenote_active":false,"_monsterinsights_sitenote_note":"","_monsterinsights_sitenote_category":0,"_uf_show_specific_survey":0,"_uf_disable_surveys":false},"product_cat":[26,37],"product_tag":[],"aioseo_notices":[],"jetpack_sharing_enabled":true,"_links":{"self":[{"href":"https:\/\/casadolivreiro.pt\/index.php\/wp-json\/wp\/v2\/product\/2303"}],"collection":[{"href":"https:\/\/casadolivreiro.pt\/index.php\/wp-json\/wp\/v2\/product"}],"about":[{"href":"https:\/\/casadolivreiro.pt\/index.php\/wp-json\/wp\/v2\/types\/product"}],"replies":[{"embeddable":true,"href":"https:\/\/casadolivreiro.pt\/index.php\/wp-json\/wp\/v2\/comments?post=2303"}],"wp:featuredmedia":[{"embeddable":true,"href":"https:\/\/casadolivreiro.pt\/index.php\/wp-json\/wp\/v2\/media\/2304"}],"wp:attachment":[{"href":"https:\/\/casadolivreiro.pt\/index.php\/wp-json\/wp\/v2\/media?parent=2303"}],"wp:term":[{"taxonomy":"product_cat","embeddable":true,"href":"https:\/\/casadolivreiro.pt\/index.php\/wp-json\/wp\/v2\/product_cat?post=2303"},{"taxonomy":"product_tag","embeddable":true,"href":"https:\/\/casadolivreiro.pt\/index.php\/wp-json\/wp\/v2\/product_tag?post=2303"}],"curies":[{"name":"wp","href":"https:\/\/api.w.org\/{rel}","templated":true}]}}