{"id":2295,"date":"2024-04-12T21:10:04","date_gmt":"2024-04-12T21:10:04","guid":{"rendered":"https:\/\/casadolivreiro.pt\/?post_type=product&#038;p=2295"},"modified":"2024-04-12T21:10:04","modified_gmt":"2024-04-12T21:10:04","slug":"os-cativos-j-kessel","status":"publish","type":"product","link":"https:\/\/casadolivreiro.pt\/index.php\/product\/os-cativos-j-kessel\/","title":{"rendered":"OS CATIVOS &#8211; J. Kessel"},"content":{"rendered":"<p>OS CATIVOS<br \/>\nJ. Kessel<br \/>\nTradu\u00e7\u00e3o de Domingos Monteiro<br \/>\nAno de edi\u00e7\u00e3o: 1943<br \/>\nEditor: Editorial Inqu\u00e9rito, Lda, Lisboa<br \/>\nIdioma: Portugu\u00eas<br \/>\nDimens\u00f5es: 12.3\u00a0 x 2.2 x 19 cm<br \/>\nEncaderna\u00e7\u00e3o: Capa mole<br \/>\nP\u00e1ginas: 241<\/p>\n","protected":false},"excerpt":{"rendered":"<p>OS CATIVOS J. Kessel Tradu\u00e7\u00e3o de Domingos Monteiro Ano de edi\u00e7\u00e3o: 1943 Editor: Editorial Inqu\u00e9rito, Lda, Lisboa Idioma: Portugu\u00eas Dimens\u00f5es: 12.3\u00a0 x 2.2 x 19 cm Encaderna\u00e7\u00e3o: Capa mole P\u00e1ginas: 241<\/p>\n","protected":false},"featured_media":2296,"comment_status":"open","ping_status":"closed","template":"","meta":{"om_disable_all_campaigns":false,"_monsterinsights_skip_tracking":false,"_monsterinsights_sitenote_active":false,"_monsterinsights_sitenote_note":"","_monsterinsights_sitenote_category":0,"_uf_show_specific_survey":0,"_uf_disable_surveys":false},"product_cat":[26],"product_tag":[],"aioseo_notices":[],"jetpack_sharing_enabled":true,"_links":{"self":[{"href":"https:\/\/casadolivreiro.pt\/index.php\/wp-json\/wp\/v2\/product\/2295"}],"collection":[{"href":"https:\/\/casadolivreiro.pt\/index.php\/wp-json\/wp\/v2\/product"}],"about":[{"href":"https:\/\/casadolivreiro.pt\/index.php\/wp-json\/wp\/v2\/types\/product"}],"replies":[{"embeddable":true,"href":"https:\/\/casadolivreiro.pt\/index.php\/wp-json\/wp\/v2\/comments?post=2295"}],"wp:featuredmedia":[{"embeddable":true,"href":"https:\/\/casadolivreiro.pt\/index.php\/wp-json\/wp\/v2\/media\/2296"}],"wp:attachment":[{"href":"https:\/\/casadolivreiro.pt\/index.php\/wp-json\/wp\/v2\/media?parent=2295"}],"wp:term":[{"taxonomy":"product_cat","embeddable":true,"href":"https:\/\/casadolivreiro.pt\/index.php\/wp-json\/wp\/v2\/product_cat?post=2295"},{"taxonomy":"product_tag","embeddable":true,"href":"https:\/\/casadolivreiro.pt\/index.php\/wp-json\/wp\/v2\/product_tag?post=2295"}],"curies":[{"name":"wp","href":"https:\/\/api.w.org\/{rel}","templated":true}]}}