{"id":2285,"date":"2024-04-12T20:49:47","date_gmt":"2024-04-12T20:49:47","guid":{"rendered":"https:\/\/casadolivreiro.pt\/?post_type=product&#038;p=2285"},"modified":"2025-02-19T18:50:40","modified_gmt":"2025-02-19T18:50:40","slug":"travessia-para-avalon-jean-shinoda-bolen","status":"publish","type":"product","link":"https:\/\/casadolivreiro.pt\/index.php\/product\/travessia-para-avalon-jean-shinoda-bolen\/","title":{"rendered":"TRAVESSIA PARA AVALON &#8211; Jean Shinoda Bolen"},"content":{"rendered":"<p>TRAVESSIA PARA AVALON<br \/>\nJean Shinoda Bolen<br \/>\nTradu\u00e7\u00e3o de\u00a0 Paula Reis<br \/>\nISBN: 972-731-024-9<br \/>\nAno de edi\u00e7\u00e3o: 1995<br \/>\nEditor: Planeta Editora, Lisboa<br \/>\nIdioma: Portugu\u00eas<br \/>\nDimens\u00f5es: 15\u00a0 x 1.6 x 23 cm<br \/>\nEncaderna\u00e7\u00e3o: Capa mole<br \/>\nP\u00e1ginas: 238<\/p>\n","protected":false},"excerpt":{"rendered":"<p>TRAVESSIA PARA AVALON Jean Shinoda Bolen Tradu\u00e7\u00e3o de\u00a0 Paula Reis ISBN: 972-731-024-9 Ano de edi\u00e7\u00e3o: 1995 Editor: Planeta Editora, Lisboa Idioma: Portugu\u00eas Dimens\u00f5es: 15\u00a0 x 1.6 x 23 cm Encaderna\u00e7\u00e3o: Capa mole P\u00e1ginas: 238<\/p>\n","protected":false},"featured_media":2286,"comment_status":"open","ping_status":"closed","template":"","meta":{"om_disable_all_campaigns":false,"_monsterinsights_skip_tracking":false,"_monsterinsights_sitenote_active":false,"_monsterinsights_sitenote_note":"","_monsterinsights_sitenote_category":0,"_uf_show_specific_survey":0,"_uf_disable_surveys":false},"product_cat":[33,26],"product_tag":[],"aioseo_notices":[],"jetpack_sharing_enabled":true,"_links":{"self":[{"href":"https:\/\/casadolivreiro.pt\/index.php\/wp-json\/wp\/v2\/product\/2285"}],"collection":[{"href":"https:\/\/casadolivreiro.pt\/index.php\/wp-json\/wp\/v2\/product"}],"about":[{"href":"https:\/\/casadolivreiro.pt\/index.php\/wp-json\/wp\/v2\/types\/product"}],"replies":[{"embeddable":true,"href":"https:\/\/casadolivreiro.pt\/index.php\/wp-json\/wp\/v2\/comments?post=2285"}],"wp:featuredmedia":[{"embeddable":true,"href":"https:\/\/casadolivreiro.pt\/index.php\/wp-json\/wp\/v2\/media\/2286"}],"wp:attachment":[{"href":"https:\/\/casadolivreiro.pt\/index.php\/wp-json\/wp\/v2\/media?parent=2285"}],"wp:term":[{"taxonomy":"product_cat","embeddable":true,"href":"https:\/\/casadolivreiro.pt\/index.php\/wp-json\/wp\/v2\/product_cat?post=2285"},{"taxonomy":"product_tag","embeddable":true,"href":"https:\/\/casadolivreiro.pt\/index.php\/wp-json\/wp\/v2\/product_tag?post=2285"}],"curies":[{"name":"wp","href":"https:\/\/api.w.org\/{rel}","templated":true}]}}